000
CDUS41 KRNK 192115
CLILYH


CLIMATE REPORT
NATIONAL WEATHER SERVICE BLACKSBURG VA
513 PM EDT SUN APR 19 2015


...................................

...THE LYNCHBURG VA CLIMATE SUMMARY FOR APRIL 19 2015...
VALID TODAY AS OF 0500 PM LOCAL TIME.

CLIMATE NORMAL PERIOD 1981 TO 2010
CLIMATE RECORD PERIOD 1893 TO 2015


WEATHER ITEM   OBSERVED TIME   RECORD YEAR NORMAL DEPARTURE LAST
                VALUE   (LST)  VALUE       VALUE  FROM      YEAR
                                                  NORMAL
..................................................................
TEMPERATURE (F)
 TODAY
  MAXIMUM         67   1229 PM  92    1941  69     -2       66
                                      1896
  MINIMUM         56    554 AM  28    2001  44     12       48
                                      1936
  AVERAGE         62                        56      6       57

PRECIPITATION (IN)
  TODAY            T             1.64 1943   0.11  -0.11     0.00
  MONTH TO DATE    2.56                      2.11   0.45     3.41
  SINCE MAR 1      5.84                      5.69   0.15     6.34
  SINCE JAN 1     10.22                     11.76  -1.54    13.42

SNOWFALL (IN)
  TODAY            0.0
  MONTH TO DATE    0.0
  SINCE MAR 1      2.5
  SINCE JUL 1     22.9
  SNOW DEPTH       0

DEGREE DAYS
 HEATING
  TODAY            3                         9     -6        8
  MONTH TO DATE  136                       218    -82      138
  SINCE MAR 1    746                       813    -67      788
  SINCE JUL 1   4435                      4237    198     4302

 COOLING
  TODAY            0                         1     -1        0
  MONTH TO DATE    4                         7     -3       19
  SINCE MAR 1      4                         9     -5       19
  SINCE JAN 1      4                         9     -5       19
..................................................................


WIND (MPH)
  HIGHEST WIND SPEED    16   HIGHEST WIND DIRECTION     E (70)
  HIGHEST GUST SPEED    25   HIGHEST GUST DIRECTION     E (90)
  AVERAGE WIND SPEED     5.9


SKY COVER
  POSSIBLE SUNSHINE  MM
  AVERAGE SKY COVER 0.6


WEATHER CONDITIONS
 THE FOLLOWING WEATHER WAS RECORDED TODAY.
  LIGHT RAIN


RELATIVE HUMIDITY (PERCENT)
 HIGHEST   100           400 AM
 LOWEST     63          1200 AM
 AVERAGE    82

..........................................................


THE LYNCHBURG VA CLIMATE NORMALS FOR TOMORROW
                         NORMAL    RECORD    YEAR
 MAXIMUM TEMPERATURE (F)   70        91      1985
 MINIMUM TEMPERATURE (F)   44        30      1997


SUNRISE AND SUNSET
APRIL 19 2015.........SUNRISE   637 AM EDT   SUNSET   755 PM EDT
APRIL 20 2015.........SUNRISE   636 AM EDT   SUNSET   756 PM EDT


-  INDICATES NEGATIVE NUMBERS.
R  INDICATES RECORD WAS SET OR TIED.
MM INDICATES DATA IS MISSING.
T  INDICATES TRACE AMOUNT.


$$

PW
