000
CDUS46 KHNX 050820
CLIMAE


CLIMATE REPORT
NATIONAL WEATHER SERVICE SAN JOAQUIN VALLEY, CA
120 AM PDT TUE MAY 5 2015


...................................

...THE MADERA CA AIRPORT CLIMATE SUMMARY FOR MAY 4 2015...

CLIMATE NORMAL PERIOD 1981 TO 2010
CLIMATE RECORD PERIOD 1998 TO 2015


WEATHER ITEM   OBSERVED TIME   RECORD YEAR NORMAL DEPARTURE
                VALUE   (LST)  VALUE       VALUE  FROM
                                                  NORMAL
...............................................................
TEMPERATURE (F)
 YESTERDAY
  MAXIMUM         83    416 PM  98    2004  81      2
  MINIMUM         53    529 AM  42    1999  49      4
  AVERAGE         68                        65      3

PRECIPITATION (IN)
  YESTERDAY        0.00          0.02 2007   0.02  -0.02
  MONTH TO DATE    0.00                      0.10  -0.10
  SINCE OCT 1      5.26                     11.16  -5.90
  SINCE JAN 1      1.58                      7.43  -5.85

SNOWFALL (IN)
  YESTERDAY        0.0
  MONTH TO DATE    0.0
  SINCE MAR 1      0.0
  SINCE JUL 1      0.0
  SNOW DEPTH       0

DEGREE DAYS
 HEATING
  YESTERDAY        0
  MONTH TO DATE    0
  SINCE MAR 1    249
  SINCE JUL 1   1699

 COOLING
  YESTERDAY        3
  MONTH TO DATE   27
  SINCE MAR 1    103
  SINCE JAN 1    105
...............................................................


WIND (MPH)
  HIGHEST WIND SPEED    15   HIGHEST WIND DIRECTION    NW (300)
  HIGHEST GUST SPEED    20   HIGHEST GUST DIRECTION     W (290)
  AVERAGE WIND SPEED     9.7




RELATIVE HUMIDITY (PERCENT)
 HIGHEST    77
 LOWEST     28
 AVERAGE    53

..........................................................


THE MADERA CA AIRPORT CLIMATE NORMALS FOR TODAY
                         NORMAL    RECORD    YEAR
 MAXIMUM TEMPERATURE (F)   81        95      2011
 MINIMUM TEMPERATURE (F)   49        41      1999


SUNRISE AND SUNSET
MAY  5 2015...........SUNRISE   602 AM PDT   SUNSET   753 PM PDT
MAY  6 2015...........SUNRISE   601 AM PDT   SUNSET   754 PM PDT


-  INDICATES NEGATIVE NUMBERS.
R  INDICATES RECORD WAS SET OR TIED.
MM INDICATES DATA IS MISSING.
T  INDICATES TRACE AMOUNT.




$$
