000
CDUS42 KFFC 070022
CLIMCN


CLIMATE REPORT
NATIONAL WEATHER SERVICE PEACHTREE CITY GA
822 PM EDT WED MAY 6 2015


...................................

...THE MACON CLIMATE SUMMARY FOR MAY 6 2015...
VALID AS OF 0800 PM LOCAL TIME.

CLIMATE NORMAL PERIOD 1981 TO 2010
CLIMATE RECORD PERIOD 1899 TO 2015


WEATHER ITEM   OBSERVED TIME   RECORD YEAR NORMAL DEPARTURE LAST
                VALUE   (LST)  VALUE       VALUE  FROM      YEAR
                                                  NORMAL
..................................................................
TEMPERATURE (F)
 TODAY
  MAXIMUM         84    418 PM  96    1952  82      2       88
  MINIMUM         51    540 AM  40    1968  56     -5       57
  AVERAGE         68                        69     -1       73

PRECIPITATION (IN)
  TODAY            0.00          1.55 1953   0.08  -0.08     0.00
  MONTH TO DATE    0.00                      0.47  -0.47     0.02
  SINCE MAR 1      8.55                      7.98   0.57    11.41
  SINCE JAN 1     15.35                     16.58  -1.23    19.24

DEGREE DAYS
 COOLING
  TODAY            3                         5     -2        8
  MONTH TO DATE    7                        26    -19       18
  SINCE MAR 1    131                       107     24       70
  SINCE JAN 1    131                       110     21       71
..................................................................


WIND (MPH)
  HIGHEST WIND SPEED    16   HIGHEST WIND DIRECTION     E (70)
  HIGHEST GUST SPEED    21   HIGHEST GUST DIRECTION     E (70)
  AVERAGE WIND SPEED     4.9


SKY COVER
  AVERAGE SKY COVER 0.0


WEATHER CONDITIONS
 THE FOLLOWING WEATHER WAS RECORDED TODAY.
  NO SIGNIFICANT WEATHER WAS OBSERVED.


RELATIVE HUMIDITY (PERCENT)
 HIGHEST   100           400 AM
 LOWEST     34           300 PM

..........................................................


THE MACON CLIMATE NORMALS FOR TOMORROW
                         NORMAL    RECORD
 MAXIMUM TEMPERATURE (F)   82        98
 MINIMUM TEMPERATURE (F)   56        41


SUNRISE AND SUNSET
MAY  6 2015...........SUNRISE   643 AM EDT   SUNSET   820 PM EDT
MAY  7 2015...........SUNRISE   642 AM EDT   SUNSET   820 PM EDT


-  INDICATES NEGATIVE NUMBERS.
R  INDICATES RECORD WAS SET OR TIED.
MM INDICATES DATA IS MISSING.
T  INDICATES TRACE AMOUNT.




$$
