000
CDUS44 KBRO 280637
CLIMFE


CLIMATE REPORT
NATIONAL WEATHER SERVICE BROWNSVILLE TX
137 AM CDT TUE APR 28 2015


...................................

...THE MCALLEN CLIMATE SUMMARY FOR APRIL 27 2015...

CLIMATE NORMAL PERIOD 1981 TO 2010
CLIMATE RECORD PERIOD 1941 TO 2015


WEATHER ITEM   OBSERVED TIME   RECORD YEAR NORMAL DEPARTURE LAST
                VALUE   (LST)  VALUE       VALUE  FROM      YEAR
                                                  NORMAL
..................................................................
TEMPERATURE (F)
 YESTERDAY
  MAXIMUM         94    422 PM 107    2014  88      6      107
  MINIMUM         73   1159 PM  53    1946  69      4       76
  AVERAGE         84                        78      6

PRECIPITATION (IN)
  YESTERDAY        T             0.78 2008   0.06  -0.06     0.00
  MONTH TO DATE    4.59                      1.16   3.43     0.03
  SINCE MAR 1      5.98                      2.19   3.79     1.20
  SINCE JAN 1      6.57                      4.35   2.22     2.08

SNOWFALL (IN)
  YESTERDAY        0.0
  MONTH TO DATE    0.0
  SINCE MAR 1      0.0
  SINCE JUL 1      0.0

DEGREE DAYS
 HEATING
  YESTERDAY        0                         0      0        0
  MONTH TO DATE    0                         3     -3        9
  SINCE MAR 1     66                        41     25      107
  SINCE JUL 1    756                       574    182      883

 COOLING
  YESTERDAY       19                        13      6       27
  MONTH TO DATE  411                       312     99      297
  SINCE MAR 1    577                       530     47      433
  SINCE JAN 1    662                       689    -27      561
..................................................................


WIND (MPH)
  HIGHEST WIND SPEED    23   HIGHEST WIND DIRECTION     N (350)
  HIGHEST GUST SPEED    32   HIGHEST GUST DIRECTION     N (340)
  AVERAGE WIND SPEED    10.1



WEATHER CONDITIONS
 THE FOLLOWING WEATHER WAS RECORDED YESTERDAY.
  LIGHT RAIN
  FOG
  HAZE


RELATIVE HUMIDITY (PERCENT)
 HIGHEST    91
 LOWEST     22
 AVERAGE    57

..........................................................


THE MCALLEN CLIMATE NORMALS FOR TODAY
                         NORMAL    RECORD    YEAR
 MAXIMUM TEMPERATURE (F)   89       103      2014
                                             1984
 MINIMUM TEMPERATURE (F)   69        50      1997


SUNRISE AND SUNSET
APRIL 28 2015.........SUNRISE   658 AM CDT   SUNSET   803 PM CDT
APRIL 29 2015.........SUNRISE   657 AM CDT   SUNSET   804 PM CDT


-  INDICATES NEGATIVE NUMBERS.
R  INDICATES RECORD WAS SET OR TIED.
MM INDICATES DATA IS MISSING.
T  INDICATES TRACE AMOUNT.




$$
