000
CDUS41 KPBZ 042114
CLIMGW


CLIMATE REPORT
NATIONAL WEATHER SERVICE PITTSBURGH PA
514 PM EDT MON MAY 4 2015


...................................

...THE MORGANTOWN WV CLIMATE SUMMARY FOR MAY 4 2015...
VALID TODAY AS OF 0500 PM LOCAL TIME.

CLIMATE NORMAL PERIOD 1981 TO 2010
CLIMATE RECORD PERIOD 1948 TO 2015


WEATHER ITEM   OBSERVED TIME   RECORD YEAR NORMAL DEPARTURE LAST
                VALUE   (LST)  VALUE       VALUE  FROM      YEAR
                                                  NORMAL
..................................................................
TEMPERATURE (F)
 TODAY
  MAXIMUM         83    358 PM  89    1949  70     13       71
  MINIMUM         47    335 AM  29    1957  47      0       47
  AVERAGE         65                        58      7       59

PRECIPITATION (IN)
  TODAY            0.00         MM      MM   0.14  -0.14     0.00
  MONTH TO DATE    0.01                      0.53  -0.52     0.01
  SINCE JUN 1     42.27                     37.75   4.52    39.40
  SINCE JAN 1     16.04                     13.11   2.93    10.97

DEGREE DAYS
 HEATING
  TODAY            0                         8     -8        6
  MONTH TO DATE   19                        32    -13       33
  SINCE MAR 1   1093                      1126    -33     1194
  SINCE JUL 1   5217                      5015    202     5320

 COOLING
  TODAY            0                         1     -1        0
  MONTH TO DATE    0                         4     -4        0
  SINCE MAR 1      8                        20    -12       18
  SINCE JAN 1      8                        20    -12       18
..................................................................


WIND (MPH)
  RESULTANT WIND SPEED   3   RESULTANT WIND DIRECTION  SW (210)
  HIGHEST WIND SPEED    15   HIGHEST WIND DIRECTION    SW (210)
  HIGHEST GUST SPEED    26   HIGHEST GUST DIRECTION    SW (220)
  AVERAGE WIND SPEED     4.3


SKY COVER
  POSSIBLE SUNSHINE  MM
  AVERAGE SKY COVER 0.1


WEATHER CONDITIONS
 THE FOLLOWING WEATHER WAS RECORDED TODAY.
  NO SIGNIFICANT WEATHER WAS OBSERVED.


RELATIVE HUMIDITY (PERCENT)
 HIGHEST    66           400 AM
 LOWEST     24           100 PM
 AVERAGE    45

..........................................................


THE MORGANTOWN WV CLIMATE NORMALS FOR TOMORROW
                         NORMAL    RECORD    YEAR
 MAXIMUM TEMPERATURE (F)   70        89      1949
 MINIMUM TEMPERATURE (F)   47        32      1987


SUNRISE AND SUNSET
MAY  4 2015...........SUNRISE   617 AM EDT   SUNSET   816 PM EDT
MAY  5 2015...........SUNRISE   616 AM EDT   SUNSET   817 PM EDT


-  INDICATES NEGATIVE NUMBERS.
R  INDICATES RECORD WAS SET OR TIED.
MM INDICATES DATA IS MISSING.
T  INDICATES TRACE AMOUNT.




$$
