000
CDUS43 KTOP 260638
CLIMHK


CLIMATE REPORT
NATIONAL WEATHER SERVICE TOPEKA KS
137 AM CDT SUN APR 26 2015


...................................

...THE MANHATTAN KS CLIMATE SUMMARY FOR APRIL 25 2015...

CLIMATE NORMAL PERIOD 1981 TO 2010
CLIMATE RECORD PERIOD 9999 TO 9999


WEATHER ITEM   OBSERVED NORMAL DEPARTURE LAST
                VALUE   VALUE  FROM      YEAR
                               NORMAL
...............................................
TEMPERATURE (F)
 YESTERDAY
  MAXIMUM         62     70     -8       82
  MINIMUM         49     44      5       37
  AVERAGE         56     57     -1       60

PRECIPITATION (IN)
  YESTERDAY        0.18   0.11   0.07     0.00
  MONTH TO DATE    2.52   2.12   0.40     1.56
  SINCE MAR 1      2.78   4.32  -1.54     2.09
  SINCE JAN 1      4.24   6.04  -1.80     3.31

DEGREE DAYS
 HEATING
  YESTERDAY        9      9      0        5
  MONTH TO DATE  194    307   -113      295
  SINCE MAR 1    775    983   -208     1045
  SINCE JUL 1   4969   5143   -174     5576

 COOLING
  YESTERDAY        0      1     -1        0
  MONTH TO DATE    6     14     -8       22
  SINCE MAR 1      8     16     -8       22
  SINCE JAN 1      8     16     -8       22
...............................................


WIND (MPH)
  HIGHEST WIND SPEED    16   HIGHEST WIND DIRECTION    NE (40)
  HIGHEST GUST SPEED    22   HIGHEST GUST DIRECTION    NW (330)
  AVERAGE WIND SPEED     9.2


SKY COVER
  AVERAGE SKY COVER 0.8


WEATHER CONDITIONS
 THE FOLLOWING WEATHER WAS RECORDED YESTERDAY.
  RAIN
  LIGHT RAIN
  FOG
  HAZE


RELATIVE HUMIDITY (PERCENT)
 HIGHEST    93
 LOWEST     78
 AVERAGE    86

..........................................................


THE MANHATTAN KS CLIMATE NORMALS FOR TODAY
                         NORMAL
 MAXIMUM TEMPERATURE (F)   70
 MINIMUM TEMPERATURE (F)   45


SUNRISE AND SUNSET
APRIL 26 2015.........SUNRISE   635 AM CDT   SUNSET   815 PM CDT
APRIL 27 2015.........SUNRISE   634 AM CDT   SUNSET   816 PM CDT


-  INDICATES NEGATIVE NUMBERS.
R  INDICATES RECORD WAS SET OR TIED.
MM INDICATES DATA IS MISSING.
T  INDICATES TRACE AMOUNT.




$$
