000
CDUS46 KMFR 020842
CLIMHS


CLIMATE REPORT
NATIONAL WEATHER SERVICE MEDFORD, OR
142 AM PDT THU APR 2 2015


...................................

...THE MT SHASTA CITY CA CLIMATE SUMMARY FOR APRIL 1 2015...

CLIMATE NORMAL PERIOD 1981 TO 2010
CLIMATE RECORD PERIOD 1908 TO 2015


WEATHER ITEM   OBSERVED TIME   RECORD YEAR NORMAL DEPARTURE LAST
                VALUE   (LST)  VALUE       VALUE  FROM      YEAR
                                                  NORMAL
..................................................................
TEMPERATURE (F)
 YESTERDAY
  MAXIMUM         55    241 PM  75    1966  58     -3       45
  MINIMUM         28    553 AM  10    1936  31     -3       31
  AVERAGE         42                        45     -3       38

PRECIPITATION (IN)
  YESTERDAY        T             2.56 1958   0.11  -0.11     0.03
  MONTH TO DATE    T                         0.11  -0.11     0.03
  SINCE OCT 1     31.43                     35.57  -4.14    11.55
  SINCE JAN 1     11.91                     20.36  -8.45    10.44

SNOWFALL (IN)
  YESTERDAY       MM                         0.3   MM       MM
  MONTH TO DATE   MM                         0.3   MM       MM
  SINCE JUL 1     MM                        86.4   MM        0.0
  SNOW DEPTH      MM

DEGREE DAYS
 HEATING
  YESTERDAY       23                        20      3       27
  MONTH TO DATE   23                        20      3       27
  SINCE MAR 1    512                       724   -212      631
  SINCE JUL 1   3478                      4699  -1221     4247

 COOLING
  YESTERDAY        0                         0      0        0
  MONTH TO DATE    0                         0      0        0
  SINCE MAR 1      0                         0      0        0
  SINCE JAN 1      0                         0      0        0
..................................................................


WIND (MPH)
  HIGHEST WIND SPEED    20   HIGHEST WIND DIRECTION     N (350)
  HIGHEST GUST SPEED    31   HIGHEST GUST DIRECTION     N (340)
  AVERAGE WIND SPEED     5.9


SKY COVER
  POSSIBLE SUNSHINE  MM
  AVERAGE SKY COVER 0.1


WEATHER CONDITIONS
 THE FOLLOWING WEATHER WAS RECORDED YESTERDAY.
  LIGHT SNOW


RELATIVE HUMIDITY (PERCENT)
 HIGHEST    85           500 AM
 LOWEST     29           200 PM

..........................................................


THE MT SHASTA CITY CA CLIMATE NORMALS FOR TODAY
                         NORMAL    RECORD    YEAR
 MAXIMUM TEMPERATURE (F)   58        77      2000
 MINIMUM TEMPERATURE (F)   32        20      1997


SUNRISE AND SUNSET
APRIL  2 2015.........SUNRISE   651 AM PDT   SUNSET   735 PM PDT
APRIL  3 2015.........SUNRISE   649 AM PDT   SUNSET   736 PM PDT


-  INDICATES NEGATIVE NUMBERS.
R  INDICATES RECORD WAS SET OR TIED.
MM INDICATES DATA IS MISSING.
T  INDICATES TRACE AMOUNT.




$$
