000
CDUS42 KMFL 060851
CLIMIA


CLIMATE REPORT
NATIONAL WEATHER SERVICE MIAMI, FL
450 AM EDT WED MAY 6 2015


...................................

...THE MIAMI CLIMATE SUMMARY FOR MAY 5 2015...

CLIMATE NORMAL PERIOD 1981 TO 2010
CLIMATE RECORD PERIOD 1895 TO 2015


WEATHER ITEM   OBSERVED TIME   RECORD YEAR NORMAL DEPARTURE LAST
                VALUE   (LST)  VALUE       VALUE  FROM      YEAR
                                                  NORMAL
..................................................................
TEMPERATURE (F)
 YESTERDAY
  MAXIMUM         80    445 PM  91    2006  86     -6       86
                                      1998
                                      1937
  MINIMUM         70    617 AM  50    1921  71     -1       70
  AVERAGE         75                        78     -3       78

PRECIPITATION (IN)
  YESTERDAY        0.38          2.01 1929   0.11   0.27     0.00
  MONTH TO DATE    0.38                      0.53  -0.15     0.29
  SINCE NOV 1     13.47                     15.85  -2.38    17.55
  SINCE JAN 1      9.49                     10.54  -1.05     7.15

SNOWFALL (IN)
  YESTERDAY        0.0
  MONTH TO DATE    0.0
  SINCE MAR 1      0.0
  SINCE JUL 1      0.0
  SNOW DEPTH       0

DEGREE DAYS
 HEATING
  YESTERDAY        0                         0      0        0
  MONTH TO DATE    0                         0      0        0
  SINCE MAR 1      0                        12    -12        0
  SINCE JUL 1     76                       128    -52       61

 COOLING
  YESTERDAY       10                        13     -3       13
  MONTH TO DATE   55                        65    -10       78
  SINCE MAR 1    895                       636    259      738
  SINCE JAN 1   1234                       958    276     1159
..................................................................


WIND (MPH)
  HIGHEST WIND SPEED    17   HIGHEST WIND DIRECTION    NE (50)
  HIGHEST GUST SPEED    25   HIGHEST GUST DIRECTION    NE (30)
  AVERAGE WIND SPEED     6.5


SKY COVER
  POSSIBLE SUNSHINE  21 PERCENT
  AVERAGE SKY COVER 0.8


WEATHER CONDITIONS
 THE FOLLOWING WEATHER WAS RECORDED YESTERDAY.
  RAIN
  LIGHT RAIN
  FOG


RELATIVE HUMIDITY (PERCENT)
 HIGHEST    90
 LOWEST     62
 AVERAGE    76

..........................................................


THE MIAMI CLIMATE NORMALS FOR TODAY
                         NORMAL    RECORD    YEAR
 MAXIMUM TEMPERATURE (F)   86        93      2010
 MINIMUM TEMPERATURE (F)   71        53      1945


SUNRISE AND SUNSET
MAY  6 2015...........SUNRISE   641 AM EDT   SUNSET   755 PM EDT
MAY  7 2015...........SUNRISE   640 AM EDT   SUNSET   755 PM EDT


-  INDICATES NEGATIVE NUMBERS.
R  INDICATES RECORD WAS SET OR TIED.
MM INDICATES DATA IS MISSING.
T  INDICATES TRACE AMOUNT.




$$
