000
CDUS44 KMEG 180626
CLIMKL


CLIMATE REPORT
NATIONAL WEATHER SERVICE MEMPHIS TN
125 AM CDT SAT APR 18 2015


...................................

...THE JACKSON CLIMATE SUMMARY FOR APRIL 17 2015...

CLIMATE NORMAL PERIOD 1981 TO 2010
CLIMATE RECORD PERIOD 1948 TO 2015


WEATHER ITEM   OBSERVED TIME   RECORD YEAR NORMAL DEPARTURE LAST
                VALUE   (LST)  VALUE       VALUE  FROM      YEAR
                                                  NORMAL
..................................................................
TEMPERATURE (F)
 YESTERDAY
  MAXIMUM         69    313 PM  91    1955  73     -4       70
  MINIMUM         54   1151 PM  34    2001  48      6       36
                                      1986
  AVERAGE         62                        60      2       53

PRECIPITATION (IN)
  YESTERDAY        0.00          2.25 1982   0.16  -0.16     0.00
  MONTH TO DATE    3.95                      2.64   1.31     2.45
  SINCE MAR 1      8.91                      7.39   1.52     8.29
  SINCE JAN 1     14.80                     15.63  -0.83    16.45

SNOWFALL (IN)
  YESTERDAY        0.0          MM      MM   0.0    0.0      0.0
  MONTH TO DATE    0.0                       0.1   -0.1       T
  SINCE MAR 1      4.4                       0.5    3.9      0.8
  SINCE JUL 1      5.9                       4.7    1.2      1.3
  SNOW DEPTH       0

DEGREE DAYS
 HEATING
  YESTERDAY        3                         6     -3       12
  MONTH TO DATE   63                       138    -75      155
  SINCE MAR 1    542                       582    -40      749
  SINCE JUL 1   3715                      3466    249     4045

 COOLING
  YESTERDAY        0                         2     -2        0
  MONTH TO DATE   52                        20     32       31
  SINCE MAR 1     54                        30     24       31
  SINCE JAN 1     54                        31     23       31
..................................................................


WIND (MPH)
  HIGHEST WIND SPEED     9   HIGHEST WIND DIRECTION     S (170)
  HIGHEST GUST SPEED    14   HIGHEST GUST DIRECTION    SE (150)
  AVERAGE WIND SPEED     3.1


SKY COVER
  POSSIBLE SUNSHINE  MM
  AVERAGE SKY COVER 0.8


WEATHER CONDITIONS
 THE FOLLOWING WEATHER WAS RECORDED YESTERDAY.
  FOG


RELATIVE HUMIDITY (PERCENT)
 HIGHEST   100          1000 PM
 LOWEST     76           400 PM
 AVERAGE    88

..........................................................


THE JACKSON CLIMATE NORMALS FOR TODAY
                         NORMAL    RECORD    YEAR
 MAXIMUM TEMPERATURE (F)   73        91      2006
 MINIMUM TEMPERATURE (F)   49        29      2001


SUNRISE AND SUNSET
APRIL 18 2015.........SUNRISE   620 AM CDT   SUNSET   731 PM CDT
APRIL 19 2015.........SUNRISE   618 AM CDT   SUNSET   732 PM CDT


-  INDICATES NEGATIVE NUMBERS.
R  INDICATES RECORD WAS SET OR TIED.
MM INDICATES DATA IS MISSING.
T  INDICATES TRACE AMOUNT.




$$
