000
CDUS45 KBYZ 202227
CLIMLS


CLIMATE REPORT
NATIONAL WEATHER SERVICE BILLINGS MT
426 PM MDT MON APR 20 2015


...................................

...THE MILES CITY MT CLIMATE SUMMARY FOR APRIL 20 2015...
VALID TODAY AS OF 0400 PM LOCAL TIME.

CLIMATE NORMAL PERIOD 1981 TO 2010
CLIMATE RECORD PERIOD 1937 TO 2015


WEATHER ITEM   OBSERVED TIME   RECORD YEAR NORMAL DEPARTURE LAST
                VALUE   (LST)  VALUE       VALUE  FROM      YEAR
                                                  NORMAL
..................................................................
TEMPERATURE (F)
 TODAY
  MAXIMUM         59    324 PM  90    1980  61     -2       68
  MINIMUM         27    536 AM  19    1966  35     -8       38
  AVERAGE         43                        48     -5       53

PRECIPITATION (IN)
  TODAY            0.00          0.75        0.05  -0.05     0.00
  MONTH TO DATE    0.01                      0.80  -0.79     0.17
  SINCE OCT 1      1.47                      3.55  -2.08     3.41
  SINCE JAN 1      0.46                      1.95  -1.49     1.73

DEGREE DAYS
 HEATING
  TODAY           22                        17      5       12
  MONTH TO DATE  378                       414    -36      456
  SINCE MAR 1   1043                      1355   -312     1511
  SINCE JUL 1   6513                      7089   -576     7550

 COOLING
  TODAY            0                         0      0        0
  MONTH TO DATE    0                         0      0        0
  SINCE MAR 1      0                         0      0        0
  SINCE JAN 1      0                         0      0        0
..................................................................


WIND (MPH)
  HIGHEST WIND SPEED    25   HIGHEST WIND DIRECTION     N (340)
  HIGHEST GUST SPEED    32   HIGHEST GUST DIRECTION    NW (320)
  AVERAGE WIND SPEED    12.8


SKY COVER
  POSSIBLE SUNSHINE  MM
  AVERAGE SKY COVER 0.3


WEATHER CONDITIONS
 THE FOLLOWING WEATHER WAS RECORDED TODAY.
  NO SIGNIFICANT WEATHER WAS OBSERVED.


RELATIVE HUMIDITY (PERCENT)
 HIGHEST    63           500 AM
 LOWEST     21           200 PM
 AVERAGE    42

..........................................................


THE MILES CITY MT CLIMATE NORMALS FOR TOMORROW
                         NORMAL    RECORD    YEAR
 MAXIMUM TEMPERATURE (F)   61        92      1980
 MINIMUM TEMPERATURE (F)   35        12      2008


SUNRISE AND SUNSET
APRIL 20 2015.........SUNRISE   608 AM MDT   SUNSET   758 PM MDT
APRIL 21 2015.........SUNRISE   606 AM MDT   SUNSET   759 PM MDT


-  INDICATES NEGATIVE NUMBERS.
R  INDICATES RECORD WAS SET OR TIED.
MM INDICATES DATA IS MISSING.
T  INDICATES TRACE AMOUNT.





&&

THIS IS AN AUTOMATED...UNATTENDED WEATHER STATION AND MAY
UNDERESTIMATE WINTER PRECIPITATION.

$$
