000
CDUS44 KSHV 070733
CLIMLU


CLIMATE REPORT
NATIONAL WEATHER SERVICE SHREVEPORT, LA
233 AM CDT THU MAY 7 2015


...................................

...THE MONROE CLIMATE SUMMARY FOR MAY 6 2015...

CLIMATE NORMAL PERIOD 1981 TO 2010
CLIMATE RECORD PERIOD 1930 TO 2015


WEATHER ITEM   OBSERVED TIME   RECORD YEAR NORMAL DEPARTURE LAST
                VALUE   (LST)  VALUE       VALUE  FROM      YEAR
                                                  NORMAL
..................................................................
TEMPERATURE (F)
 YESTERDAY
  MAXIMUM         85    310 PM  93    1952  83      2       84
  MINIMUM         58    513 AM  47    2013  60     -2       57
  AVERAGE         72                        72      0       71

PRECIPITATION (IN)
  YESTERDAY        0.00          1.82 1935   0.17  -0.17     0.00
  MONTH TO DATE    0.00                      1.02  -1.02     0.00
  SINCE DEC 1     22.95                     25.17  -2.22    20.41
  SINCE JAN 1     18.47                     19.88  -1.41    17.15

SNOWFALL (IN)
  YESTERDAY        0.0
  MONTH TO DATE    0.0
  SINCE MAR 1      0.4
  SINCE JUL 1      3.9
  SNOW DEPTH       0

DEGREE DAYS
 HEATING
  YESTERDAY        0                         0      0        0
  MONTH TO DATE    0                         3     -3        9
  SINCE MAR 1    308                       333    -25      499
  SINCE JUL 1   2512                      2227    285     2825

 COOLING
  YESTERDAY        7                         7      0        6
  MONTH TO DATE   31                        38     -7       20
  SINCE MAR 1    175                       174      1      106
  SINCE JAN 1    175                       185    -10      108
..................................................................


WIND (MPH)
  HIGHEST WIND SPEED    13   HIGHEST WIND DIRECTION     S (180)
  HIGHEST GUST SPEED    20   HIGHEST GUST DIRECTION     S (200)
  AVERAGE WIND SPEED     3.9


SKY COVER
  POSSIBLE SUNSHINE  MM
  AVERAGE SKY COVER 0.2


WEATHER CONDITIONS
 THE FOLLOWING WEATHER WAS RECORDED YESTERDAY.
  NO SIGNIFICANT WEATHER WAS OBSERVED.


RELATIVE HUMIDITY (PERCENT)
 HIGHEST   100           500 AM
 LOWEST     44           300 PM
 AVERAGE    72

..........................................................


THE MONROE CLIMATE NORMALS FOR TODAY
                         NORMAL    RECORD    YEAR
 MAXIMUM TEMPERATURE (F)   83        93      2010
                                             1952
 MINIMUM TEMPERATURE (F)   60        45      1992


SUNRISE AND SUNSET
MAY  7 2015...........SUNRISE   616 AM CDT   SUNSET   754 PM CDT
MAY  8 2015...........SUNRISE   615 AM CDT   SUNSET   754 PM CDT


-  INDICATES NEGATIVE NUMBERS.
R  INDICATES RECORD WAS SET OR TIED.
MM INDICATES DATA IS MISSING.
T  INDICATES TRACE AMOUNT.




$$
