000
CDUS46 KPQR 241141
CLIMMV


CLIMATE REPORT
NATIONAL WEATHER SERVICE PORTLAND OREGON
440 AM PDT FRI APR 24 2015


...................................

...THE MCMINNVILLE OR CLIMATE SUMMARY FOR APRIL 23 2015...

CLIMATE NORMAL PERIOD 1981 TO 2010
CLIMATE RECORD PERIOD 1894 TO 2015


WEATHER ITEM   OBSERVED TIME   RECORD YEAR NORMAL DEPARTURE LAST
                VALUE   (LST)  VALUE       VALUE  FROM      YEAR
                                                  NORMAL
..................................................................
TEMPERATURE (F)
 YESTERDAY
  MAXIMUM         55    354 PM  85    1910  62     -7       56
  MINIMUM         37    417 AM  29    1954  40     -3       46
  AVERAGE         46                        51     -5       51

PRECIPITATION (IN)
  YESTERDAY        0.05          1.50 1996   0.08  -0.03     0.74
  MONTH TO DATE    1.31                      2.38  -1.07     2.36
  SINCE OCT 1     30.65                     32.98  -2.33    22.93
  SINCE JAN 1     14.41                     16.95  -2.54    17.97

DEGREE DAYS
 HEATING
  YESTERDAY       19                        14      5       14
  MONTH TO DATE  355                       355      0      299
  SINCE JUL 1   3265                      4306  -1041     4230

 COOLING
  YESTERDAY        0                         0      0        0
  MONTH TO DATE    0                         0      0        0
  SINCE JAN 1      0                         0      0        0
..................................................................


WIND (MPH)
  HIGHEST WIND SPEED    15   HIGHEST WIND DIRECTION    SW (210)
  HIGHEST GUST SPEED    19   HIGHEST GUST DIRECTION    SW (230)
  AVERAGE WIND SPEED     6.7


SKY COVER
  POSSIBLE SUNSHINE  MM
  AVERAGE SKY COVER 0.7


WEATHER CONDITIONS
 THE FOLLOWING WEATHER WAS RECORDED YESTERDAY.
  LIGHT RAIN
  FOG


RELATIVE HUMIDITY (PERCENT)
 HIGHEST    92           400 AM
 LOWEST     66          1200 PM
 AVERAGE    79

..........................................................


THE MCMINNVILLE OR CLIMATE NORMALS FOR TODAY
                         NORMAL    RECORD    YEAR
 MAXIMUM TEMPERATURE (F)   63        85      1923
 MINIMUM TEMPERATURE (F)   40        27      1955


SUNRISE AND SUNSET
APRIL 24 2015.........SUNRISE   513 AM PST   SUNSET   710 PM PST
APRIL 25 2015.........SUNRISE   511 AM PST   SUNSET   711 PM PST


-  INDICATES NEGATIVE NUMBERS.
R  INDICATES RECORD WAS SET OR TIED.
MM INDICATES DATA IS MISSING.
T  INDICATES TRACE AMOUNT.




$$
