000
CDUS44 KMOB 030645
CLIMOB


CLIMATE REPORT
NATIONAL WEATHER SERVICE MOBILE AL
145 AM CDT SUN MAY 3 2015


...................................

...THE MOBILE CLIMATE SUMMARY FOR MAY 2 2015...

CLIMATE NORMAL PERIOD 1981 TO 2010
CLIMATE RECORD PERIOD 1842 TO 2015


WEATHER ITEM   OBSERVED TIME   RECORD YEAR NORMAL DEPARTURE LAST
                VALUE   (LST)  VALUE       VALUE  FROM      YEAR
                                                  NORMAL
..................................................................
TEMPERATURE (F)
 YESTERDAY
  MAXIMUM         80    340 PM  90    1955  81     -1       75
  MINIMUM         47R   527 AM  50    2005  60    -13       57
                                      1999
                                      1996
  AVERAGE         64                        71     -7       66

PRECIPITATION (IN)
  YESTERDAY        0.00          6.80 2012   0.15  -0.15      T
  MONTH TO DATE    0.00                      0.30  -0.30      T
  SINCE MAR 1     17.86                     11.23   6.63    24.59
  SINCE JAN 1     23.91                     22.00   1.91    31.71

DEGREE DAYS
 HEATING
  YESTERDAY        1                         0      1        0
  MONTH TO DATE    1                         0      1        2
  SINCE MAR 1    119                       249   -130      346
  SINCE JUL 1   1821                      1691    130     2049

 COOLING
  YESTERDAY        0                         6     -6        1
  MONTH TO DATE    2                        12    -10        1
  SINCE MAR 1    277                       155    122      104
  SINCE JAN 1    281                       171    110      116
..................................................................


WIND (MPH)
  HIGHEST WIND SPEED    13   HIGHEST WIND DIRECTION    SW (210)
  HIGHEST GUST SPEED    16   HIGHEST GUST DIRECTION    SW (210)
  AVERAGE WIND SPEED     3.7


SKY COVER
  POSSIBLE SUNSHINE  MM
  AVERAGE SKY COVER 0.1


WEATHER CONDITIONS
 THE FOLLOWING WEATHER WAS RECORDED YESTERDAY.
  NO SIGNIFICANT WEATHER WAS OBSERVED.


RELATIVE HUMIDITY (PERCENT)
 HIGHEST    93           500 AM
 LOWEST     28           100 PM
 AVERAGE    61

..........................................................


THE MOBILE CLIMATE NORMALS FOR TODAY
                         NORMAL    RECORD    YEAR
 MAXIMUM TEMPERATURE (F)   82        90      1952
 MINIMUM TEMPERATURE (F)   60        47      2004


SUNRISE AND SUNSET
MAY  3 2015...........SUNRISE   608 AM CDT   SUNSET   733 PM CDT
MAY  4 2015...........SUNRISE   607 AM CDT   SUNSET   733 PM CDT


-  INDICATES NEGATIVE NUMBERS.
R  INDICATES RECORD WAS SET OR TIED.
MM INDICATES DATA IS MISSING.
T  INDICATES TRACE AMOUNT.




$$
