000
CDUS41 KPHI 050629
CLIMPO


CLIMATE REPORT
NATIONAL WEATHER SERVICE MOUNT HOLLY NJ
228 AM EDT TUE MAY 5 2015


...................................

...THE MOUNT POCONO PA CLIMATE SUMMARY FOR MAY 4 2015...

CLIMATE NORMAL PERIOD 1981 TO 2010
CLIMATE RECORD PERIOD 1901 TO 2015


WEATHER ITEM   OBSERVED TIME   RECORD YEAR NORMAL DEPARTURE LAST
                VALUE   (LST)  VALUE       VALUE  FROM      YEAR
                                                  NORMAL
..................................................................
TEMPERATURE (F)
 YESTERDAY
  MAXIMUM         79    410 PM  84    1944  62     17       54
  MINIMUM         46   1218 AM  20    1917  42      4       44
  AVERAGE         63                        52     11       49

PRECIPITATION (IN)
  YESTERDAY        0.00          1.47 1984   0.12  -0.12     0.06
  MONTH TO DATE    0.01                      0.45  -0.44     0.30
  SINCE MAR 1      5.24                      8.30  -3.06     8.36
  SINCE JAN 1      8.59                     13.56  -4.97    14.75

SNOWFALL (IN)
  YESTERDAY       MM            MM      MM  MM     MM       MM
  MONTH TO DATE   MM                        MM     MM       MM
  SINCE MAR 1     MM                        MM     MM       MM
  SINCE JUL 1     MM                        MM     MM       MM
  SNOW DEPTH      MM

DEGREE DAYS
 HEATING
  YESTERDAY        2                        13    -11       16
  MONTH TO DATE   38                        55    -17       57
  SINCE MAR 1   1729                      1626    103     1831
  SINCE JUL 1   7164                      6749    415     7258

 COOLING
  YESTERDAY        0                         0      0        0
  MONTH TO DATE    0                         0      0        0
  SINCE MAR 1      0                         4     -4        0
  SINCE JAN 1      0                         4     -4        0
..................................................................


WIND (MPH)
  HIGHEST WIND SPEED    25   HIGHEST WIND DIRECTION     S (200)
  HIGHEST GUST SPEED    33   HIGHEST GUST DIRECTION     S (190)
  AVERAGE WIND SPEED     9.9


SKY COVER
  POSSIBLE SUNSHINE  MM
  AVERAGE SKY COVER 0.2


WEATHER CONDITIONS
 THE FOLLOWING WEATHER WAS RECORDED YESTERDAY.
  NO SIGNIFICANT WEATHER WAS OBSERVED.


RELATIVE HUMIDITY (PERCENT)
 HIGHEST    71          1200 AM
 LOWEST     21          1200 PM
 AVERAGE    46

..........................................................


THE MOUNT POCONO PA CLIMATE NORMALS FOR TODAY
                         NORMAL    RECORD    YEAR
 MAXIMUM TEMPERATURE (F)   62        83      1955
 MINIMUM TEMPERATURE (F)   42        20      1911


SUNRISE AND SUNSET
MAY  5 2015...........SUNRISE   555 AM EDT   SUNSET   803 PM EDT
MAY  6 2015...........SUNRISE   553 AM EDT   SUNSET   804 PM EDT


-  INDICATES NEGATIVE NUMBERS.
R  INDICATES RECORD WAS SET OR TIED.
MM INDICATES DATA IS MISSING.
T  INDICATES TRACE AMOUNT.




$$
