000
CDUS43 KILX 210632
CLIMTO


CLIMATE REPORT
NATIONAL WEATHER SERVICE LINCOLN IL
132 AM CDT TUE APR 21 2015


...................................

...THE MATTOON IL AIRPORT CLIMATE SUMMARY FOR APRIL 20 2015...

CLIMATE NORMAL PERIOD 1981 TO 2010
CLIMATE RECORD PERIOD 9999 TO 9999


WEATHER ITEM   OBSERVED TIME   RECORD YEAR NORMAL DEPARTURE LAST
                VALUE   (LST)  VALUE       VALUE  FROM      YEAR
                                                  NORMAL
..................................................................
TEMPERATURE (F)
 YESTERDAY
  MAXIMUM         57    221 AM  MM      MM  65     -8       75
  MINIMUM         44   1159 PM  MM      MM  45     -1       49
  AVERAGE         51                        55     -4       62

PRECIPITATION (IN)
  YESTERDAY        0.01         MM      MM   0.11  -0.10     0.00
  MONTH TO DATE    3.36                      2.02   1.34     2.33
  SINCE MAR 1      5.87                      4.59   1.28     3.33
  SINCE JAN 1      7.22                      8.57  -1.35     5.26

DEGREE DAYS
 HEATING
  YESTERDAY       14                        10      4        3
  MONTH TO DATE  154                       275   -121      265
  SINCE MAR 1    964                       974    -10     1154
  SINCE JUL 1   5657                      5178    479     6001

 COOLING
  YESTERDAY        0                         1     -1        0
  MONTH TO DATE    2                         1      1        1
  SINCE MAR 1      2                         2      0        1
  SINCE JAN 1      2                         2      0        1
..................................................................


WIND (MPH)
  HIGHEST WIND SPEED    29   HIGHEST WIND DIRECTION     W (280)
  HIGHEST GUST SPEED    39   HIGHEST GUST DIRECTION    NW (300)
  AVERAGE WIND SPEED    15.2


SKY COVER
  POSSIBLE SUNSHINE  MM
  AVERAGE SKY COVER 0.9


WEATHER CONDITIONS
 THE FOLLOWING WEATHER WAS RECORDED YESTERDAY.
  LIGHT RAIN
  FOG


RELATIVE HUMIDITY (PERCENT)
 HIGHEST    93          1200 AM
 LOWEST     54           100 PM
 AVERAGE    74

..........................................................


THE MATTOON IL AIRPORT CLIMATE NORMALS FOR TODAY
                         NORMAL    RECORD    YEAR
 MAXIMUM TEMPERATURE (F)   66        MM        MM
 MINIMUM TEMPERATURE (F)   45        MM        MM


SUNRISE AND SUNSET
APRIL 21 2015.........SUNRISE   608 AM CDT   SUNSET   737 PM CDT
APRIL 22 2015.........SUNRISE   606 AM CDT   SUNSET   738 PM CDT


-  INDICATES NEGATIVE NUMBERS.
R  INDICATES RECORD WAS SET OR TIED.
MM INDICATES DATA IS MISSING.
T  INDICATES TRACE AMOUNT.




$$
