000
CDUS45 KBOI 270931
CLIMYL


CLIMATE REPORT
NATIONAL WEATHER SERVICE BOISE ID
331 AM MDT MON APR 27 2015


...................................

...THE MCCALL ID CLIMATE SUMMARY FOR APRIL 26 2015...

CLIMATE NORMAL PERIOD 1981 TO 2010
CLIMATE RECORD PERIOD 1930 TO 2015


WEATHER ITEM   OBSERVED TIME   RECORD YEAR NORMAL DEPARTURE LAST
                VALUE   (LST)  VALUE       VALUE  FROM      YEAR
                                                  NORMAL
..................................................................
TEMPERATURE (F)
 YESTERDAY
  MAXIMUM         49    340 PM  78    1977  52     -3       46
  MINIMUM         30    629 AM  11    1948  28      2       28
  AVERAGE         40                        40      0       37

PRECIPITATION (IN)
  YESTERDAY        0.00          1.25 2012   0.06  -0.06      T
  MONTH TO DATE    1.05                      1.67  -0.62     2.17
  SINCE OCT 1     15.79                     13.52   2.27    17.19
  SINCE JAN 1      7.03                      7.34  -0.31    13.12

DEGREE DAYS
 HEATING
  YESTERDAY       25                        25      0       28
  MONTH TO DATE  666                       749    -83      681
  SINCE MAR 1   1484                      1863   -379     1693
  SINCE JUL 1   6855                      8538  -1683     7687

 COOLING
  YESTERDAY        0                         0      0        0
  MONTH TO DATE    0                         0      0        0
  SINCE MAR 1      0                         0      0        0
  SINCE JAN 1      0                         0      0        0
..................................................................


WIND (MPH)
  HIGHEST WIND SPEED    20   HIGHEST WIND DIRECTION     N (350)
  HIGHEST GUST SPEED    26   HIGHEST GUST DIRECTION     N (340)
  AVERAGE WIND SPEED     9.7


SKY COVER
  AVERAGE SKY COVER 0.2


WEATHER CONDITIONS
 THE FOLLOWING WEATHER WAS RECORDED YESTERDAY.
  NO SIGNIFICANT WEATHER WAS OBSERVED.


RELATIVE HUMIDITY (PERCENT)
 HIGHEST    72           300 AM
 LOWEST     37           100 PM
 AVERAGE    55

..........................................................


THE MCCALL ID CLIMATE NORMALS FOR TODAY
                         NORMAL    RECORD    YEAR
 MAXIMUM TEMPERATURE (F)   53        82      1987
 MINIMUM TEMPERATURE (F)   28        13      1955


SUNRISE AND SUNSET
APRIL 27 2015.........SUNRISE   640 AM MDT   SUNSET   845 PM MDT
APRIL 28 2015.........SUNRISE   639 AM MDT   SUNSET   846 PM MDT


-  INDICATES NEGATIVE NUMBERS.
R  INDICATES RECORD WAS SET OR TIED.
MM INDICATES DATA IS MISSING.
T  INDICATES TRACE AMOUNT.




$$
