000
CDUS43 KGID 032226
CLIODX


CLIMATE REPORT
NATIONAL WEATHER SERVICE HASTINGS NE
526 PM CDT SUN MAY 3 2015


...................................

...THE ORD NE CLIMATE SUMMARY FOR MAY 3 2015...
VALID TODAY AS OF 0500 PM LOCAL TIME.

CLIMATE NORMAL PERIOD 1981 TO 2010
CLIMATE RECORD PERIOD 1895 TO 2015


WEATHER ITEM   OBSERVED TIME   NORMAL DEPARTURE LAST
                VALUE   (LST)  VALUE  FROM      YEAR
                                      NORMAL
......................................................
TEMPERATURE (F)
 TODAY
  MAXIMUM         85    108 PM  67     18       71
  MINIMUM         46    550 AM  42      4       33
  AVERAGE         66            55     11       52

PRECIPITATION (IN)
  TODAY            0.00          0.12  -0.12     0.00
  MONTH TO DATE    0.00          0.36  -0.36     0.00
  SINCE MAR 1      2.74          4.40  -1.66     1.46
  SINCE JAN 1      3.48          5.21  -1.73     1.71

DEGREE DAYS
 HEATING
  TODAY            0            11    -11       13
  MONTH TO DATE    2            33    -31       44
  SINCE MAR 1   1151          1369   -218     1490
  SINCE JUL 1   6283          6386   -103     6643

 COOLING
  TODAY            1             0      1        0
  MONTH TO DATE    2             0      2        0
  SINCE MAR 1      6             2      4        1
  SINCE JAN 1      6             2      4        1
......................................................


WIND (MPH)
  HIGHEST WIND SPEED    24   HIGHEST WIND DIRECTION     N (340)
  HIGHEST GUST SPEED    27   HIGHEST GUST DIRECTION     N (340)
  AVERAGE WIND SPEED     6.0


SKY COVER
  AVERAGE SKY COVER 0.0


WEATHER CONDITIONS
 THE FOLLOWING WEATHER WAS RECORDED TODAY.
  NO SIGNIFICANT WEATHER WAS OBSERVED.


RELATIVE HUMIDITY (PERCENT)
 HIGHEST    86           600 AM
 LOWEST     27           100 PM
 AVERAGE    57

..........................................................


THE ORD NE CLIMATE NORMALS FOR TOMORROW
                         NORMAL
 MAXIMUM TEMPERATURE (F)   68
 MINIMUM TEMPERATURE (F)   42


SUNRISE AND SUNSET
MAY  3 2015...........SUNRISE   630 AM CDT   SUNSET   836 PM CDT
MAY  4 2015...........SUNRISE   629 AM CDT   SUNSET   837 PM CDT


-  INDICATES NEGATIVE NUMBERS.
R  INDICATES RECORD WAS SET OR TIED.
MM INDICATES DATA IS MISSING.
T  INDICATES TRACE AMOUNT.




$$
