000
CDUS46 KSGX 280016
CLIOKB


CLIMATE REPORT
NATIONAL WEATHER SERVICE SAN DIEGO, CA
516 PM PDT MON APR 27 2015


...................................

...THE OCEANSIDE AIRPORT CA CLIMATE SUMMARY FOR APRIL 27 2015...
VALID TODAY AS OF 0500 PM LOCAL TIME.

CLIMATE NORMAL PERIOD 1981 TO 2010
CLIMATE RECORD PERIOD 1999 TO 2015


WEATHER ITEM   OBSERVED TIME   RECORD YEAR NORMAL DEPARTURE LAST
                VALUE   (LST)  VALUE       VALUE  FROM      YEAR
                                                  NORMAL
..................................................................
TEMPERATURE (F)
 TODAY
  MAXIMUM         78    355 PM  97    2008  69      9       69
  MINIMUM         44R   523 AM  45    2002  51     -7       47
  AVERAGE         61                        60      1       58

PRECIPITATION (IN)
  TODAY            0.00          0.01 2005   0.03  -0.03     0.00
  MONTH TO DATE    0.04                      0.91  -0.87     0.33
  SINCE OCT 1      5.92                     12.72  -6.80     4.19
  SINCE JAN 1      1.52                      8.84  -7.32     2.60

SNOWFALL (IN)
  TODAY            0.0
  MONTH TO DATE    0.0
  SINCE MAR 1      0.0
  SINCE JUL 1      0.0
  SNOW DEPTH       0

DEGREE DAYS
 HEATING
  TODAY            4                         5     -1        7
  MONTH TO DATE  125                       181    -56      154
  SINCE MAR 1    249                       471   -222      322
  SINCE JUL 1   1123                      1879   -756     1494

 COOLING
  TODAY            0                         0      0        0
  MONTH TO DATE    0                         0      0        2
  SINCE MAR 1     31                         1     30        4
  SINCE JAN 1     31                         1     30        4
..................................................................


WIND (MPH)
  RESULTANT WIND SPEED   4   RESULTANT WIND DIRECTION   W (270)
  HIGHEST WIND SPEED    16   HIGHEST WIND DIRECTION     W (290)
  HIGHEST GUST SPEED    24   HIGHEST GUST DIRECTION     W (290)
  AVERAGE WIND SPEED     4.8


SKY COVER
  POSSIBLE SUNSHINE  MM
  AVERAGE SKY COVER 0.0


WEATHER CONDITIONS
 THE FOLLOWING WEATHER WAS RECORDED TODAY.
  NO SIGNIFICANT WEATHER WAS OBSERVED.


RELATIVE HUMIDITY (PERCENT)
 HIGHEST    86           400 AM
 LOWEST     27           400 PM
 AVERAGE    57

..........................................................


THE OCEANSIDE AIRPORT CA CLIMATE NORMALS FOR TOMORROW
                         NORMAL    RECORD    YEAR
 MAXIMUM TEMPERATURE (F)   69        91      2008
 MINIMUM TEMPERATURE (F)   51        42      2002


SUNRISE AND SUNSET
APRIL 27 2015.........SUNRISE   606 AM PDT   SUNSET   729 PM PDT
APRIL 28 2015.........SUNRISE   605 AM PDT   SUNSET   729 PM PDT


-  INDICATES NEGATIVE NUMBERS.
R  INDICATES RECORD WAS SET OR TIED.
MM INDICATES DATA IS MISSING.
T  INDICATES TRACE AMOUNT.




$$
