000
CDAK49 PAOM 050912
CLIOME

CLIMATE REPORT
NATIONAL WEATHER SERVICE NOME, AK
112 AM AKDT TUE MAY 5 2015

...................................
...THE NOME WSO AP CLIMATE SUMMARY FOR MAY 4 2015...

CLIMATE NORMAL PERIOD  1981 TO  2010
CLIMATE RECORD PERIOD  1906 TO  2015

WEATHER ITEM   OBSERVED TIME    RECORD YEAR NORMAL DEPARTURE LAST
               VALUE    (LST)   VALUE       VALUE  FROM      YEAR
                                                   NORMAL
...................................................................
TEMPERATURE
YESTERDAY
 MAXIMUM            48  0106 PM    49  1969     37      11     34
 MINIMUM            28  0604 AM    -4  1984     25       3     26
 AVERAGE            38                          31       7     30

PRECIPITATION
(INCHES)
 YESTERDAY        0.00           0.53  1952   0.03   -0.03      T
 MONTH TO DATE    0.00                        0.11   -0.11   0.05
 SINCE MAR 1      1.31                        1.52   -0.21   1.03
 SINCE JAN 1      2.95                        3.39   -0.44   3.20

SNOWFALL
(INCHES)
 YESTERDAY         0.0            4.2  1952    0.1    -0.1      T
 MONTH TO DATE     0.0                         0.5    -0.5    0.4
 SINCE MAR 1      16.4                        16.9    -0.5   15.8
 SINCE JUL 1      59.7                        73.6   -13.9   70.1
 SNOW DEPTH (IN)     1                                          0

DEGREE DAYS
 HEATING
  YESTERDAY         27                          34      -7     35
  MONTH TO DATE    135                         138      -3    124
  SINCE MAR 1     3242                        3169      73   2844
  SINCE JUL 1    11406                       12451   -1045  10998

 COOLING
  YESTERDAY          0                           0       0      0
  MONTH TO DATE      0                           0       0      0
  SINCE MAR 1        0                           0       0      0
  SINCE JAN 1        0                           0       0      0
...................................................................

WIND (MPH)
 HIGHEST WIND SPEED     9     HIGHEST WIND DIRECTION    150
 HIGHEST GUST SPEED    12     HIGHEST GUST DIRECTION    140
 AVERAGE WIND SPEED   2.1

SKY COVER
  POSSIBLE SUNSHINE    MM          AVERAGE SKY COVER     MM

WEATHER CONDITIONS
 THE FOLLOWING WEATHER WAS RECORDED YESTERDAY.
  NO SIGNIFICANT WEATHER WAS OBSERVED.

RELATIVE HUMIDITY
 HIGHEST RH     MM PERCENT       MM
 LOWEST  RH     MM PERCENT       MM
 AVERAGE RH     MM PERCENT       MM
...................................................................

THE NOME CLIMATE NORMALS FOR TODAY
                           NORMAL    RECORD   YEAR
 MAXIMUM TEMPERATURE (F)     38        53     1960
 MINIMUM TEMPERATURE (F)     26        -4     1984

SUNRISE AND SUNSET
 MAY 5 2015..........SUNRISE  6:17 AM      SUNSET 11:43 PM
 MAY 6 2015..........SUNRISE  6:14 AM      SUNSET 11:46 PM

-  INDICATES NEGATIVE NUMBERS.
R  INDICATES RECORD HAS BEEN SET OR TIED.
MM INDICATES DATA IS MISSING.
T  INDICATES TRACE OF PRECIPITATION.

&&
-------------------------------------------------------------------

AMOUNT OF DAYLIGHT TODAY  (HOUR:MIN)........17 HOURS 26 MINUTES
GAIN/LOSS SINCE YESTERDAY (HOUR:MIN:SEC)....+0:06:51

$$
JAS MAY 15
