000
CDUS45 KBOI 060933
CLIONO


CLIMATE REPORT
NATIONAL WEATHER SERVICE BOISE ID
332 AM MDT WED MAY 6 2015


...................................

...THE ONTARIO OR CLIMATE SUMMARY FOR MAY 5 2015...

CLIMATE NORMAL PERIOD 1981 TO 2010
CLIMATE RECORD PERIOD 1948 TO 2015


WEATHER ITEM   OBSERVED TIME   RECORD YEAR NORMAL DEPARTURE LAST
                VALUE   (LST)  VALUE       VALUE  FROM      YEAR
                                                  NORMAL
..................................................................
TEMPERATURE (F)
 YESTERDAY
  MAXIMUM         74    229 PM  95    1966  71      3       64
  MINIMUM         52   1159 PM  29    1986  41     11       46
  AVERAGE         63                        56      7       55

PRECIPITATION (IN)
  YESTERDAY        0.00          1.07 2005   0.03  -0.03     0.01
  MONTH TO DATE    0.00                      0.18  -0.18     0.01
  SINCE OCT 1      6.86                      7.38  -0.52     5.83
  SINCE JAN 1      2.40                      3.97  -1.57     4.32

DEGREE DAYS
 HEATING
  YESTERDAY        2                        10     -8       10
  MONTH TO DATE   17                        51    -34       23
  SINCE MAR 1    927                      1162   -235     1014
  SINCE JUL 1   4721                      5792  -1071     5770

 COOLING
  YESTERDAY        0                         0      0        0
  MONTH TO DATE    0                         0      0        0
  SINCE MAR 1      0                         1     -1        0
  SINCE JAN 1      0                         1     -1        0
..................................................................


WIND (MPH)
  HIGHEST WIND SPEED    28   HIGHEST WIND DIRECTION    NW (320)
  HIGHEST GUST SPEED    35   HIGHEST GUST DIRECTION    NW (300)
  AVERAGE WIND SPEED    20.8


SKY COVER
  AVERAGE SKY COVER 0.1


WEATHER CONDITIONS
 THE FOLLOWING WEATHER WAS RECORDED YESTERDAY.
  NO SIGNIFICANT WEATHER WAS OBSERVED.


RELATIVE HUMIDITY (PERCENT)
 HIGHEST    48           600 AM
 LOWEST     15           300 PM
 AVERAGE    32

..........................................................


THE ONTARIO OR CLIMATE NORMALS FOR TODAY
                         NORMAL    RECORD    YEAR
 MAXIMUM TEMPERATURE (F)   71        94      1966
 MINIMUM TEMPERATURE (F)   41        26      1964


SUNRISE AND SUNSET
MAY  6 2015...........SUNRISE   633 AM MDT   SUNSET   857 PM MDT
MAY  7 2015...........SUNRISE   632 AM MDT   SUNSET   858 PM MDT


-  INDICATES NEGATIVE NUMBERS.
R  INDICATES RECORD WAS SET OR TIED.
MM INDICATES DATA IS MISSING.
T  INDICATES TRACE AMOUNT.




$$
