000
CDUS41 KAKQ 190543
CLIORF


CLIMATE REPORT
NATIONAL WEATHER SERVICE WAKEFIELD, VA
142 AM EDT SUN APR 19 2015


...................................

...THE NORFOLK VA CLIMATE SUMMARY FOR APRIL 18 2015...

CLIMATE NORMAL PERIOD 1981 TO 2010
CLIMATE RECORD PERIOD 1871 TO 2015


WEATHER ITEM   OBSERVED TIME   RECORD YEAR NORMAL DEPARTURE LAST
                VALUE   (LST)  VALUE       VALUE  FROM      YEAR
                                                  NORMAL
..................................................................
TEMPERATURE (F)
 YESTERDAY
  MAXIMUM         70    411 PM  95    1896  68      2       51
  MINIMUM         58   1159 PM  28    1875  50      8       43
  AVERAGE         64                        59      5       47

PRECIPITATION (IN)
  YESTERDAY        0.00          0.99 2000   0.12  -0.12     0.00
  MONTH TO DATE    2.07                      2.06   0.01     3.24
  SINCE MAR 1      4.76                      5.74  -0.98     7.06
  SINCE JAN 1     10.94                     12.26  -1.32    13.35

SNOWFALL (IN)
  YESTERDAY        0.0           0.0  2002   0.0    0.0
  MONTH TO DATE    0.0                       0.0    0.0
  SINCE NOV 1     12.7                       5.8    6.9
  SINCE JUL 1     12.7                       5.8    6.9
  SNOW DEPTH       0

DEGREE DAYS
 HEATING
  YESTERDAY        1                         7     -6       18
  MONTH TO DATE  108                       168    -60      143
  SINCE MAR 1    647                       660    -13      717
  SINCE JUL 1   3483                      3229    254     3328

 COOLING
  YESTERDAY        0                         1     -1        0
  MONTH TO DATE   16                        18     -2       18
  SINCE MAR 1     18                        24     -6       19
  SINCE JAN 1     18                        25     -7       19
..................................................................


WIND (MPH)
  HIGHEST WIND SPEED    12   HIGHEST WIND DIRECTION    NE (30)
  HIGHEST GUST SPEED    17   HIGHEST GUST DIRECTION    NE (30)
  AVERAGE WIND SPEED     5.5


SKY COVER
  POSSIBLE SUNSHINE  MM
  AVERAGE SKY COVER 0.2


WEATHER CONDITIONS
 THE FOLLOWING WEATHER WAS RECORDED YESTERDAY.
  NO SIGNIFICANT WEATHER WAS OBSERVED.


RELATIVE HUMIDITY (PERCENT)
 HIGHEST    97           400 AM
 LOWEST     68          1100 AM
 AVERAGE    83

..........................................................


THE NORFOLK VA CLIMATE NORMALS FOR TODAY
                         NORMAL    RECORD    YEAR
 MAXIMUM TEMPERATURE (F)   69        92      1995
                                             1985
                                             1896
 MINIMUM TEMPERATURE (F)   50        27      1875


SUNRISE AND SUNSET
APRIL 19 2015.........SUNRISE   626 AM EDT   SUNSET   743 PM EDT
APRIL 20 2015.........SUNRISE   624 AM EDT   SUNSET   744 PM EDT


-  INDICATES NEGATIVE NUMBERS.
R  INDICATES RECORD WAS SET OR TIED.
MM INDICATES DATA IS MISSING.
T  INDICATES TRACE AMOUNT.




$$
