000
CDUS41 KBOX 070602
CLIORH


CLIMATE REPORT
NATIONAL WEATHER SERVICE TAUNTON MA
151 AM EDT THU MAY 7 2015


...................................

...THE WORCESTER MA CLIMATE SUMMARY FOR MAY 6 2015...

CLIMATE NORMAL PERIOD 1981 TO 2010
CLIMATE RECORD PERIOD 1892 TO 2015


WEATHER ITEM   OBSERVED TIME   RECORD YEAR NORMAL DEPARTURE LAST
                VALUE   (LST)  VALUE       VALUE  FROM      YEAR
                                                  NORMAL
..................................................................
TEMPERATURE (F)
 YESTERDAY
  MAXIMUM         73    425 PM  87    1930  63     10       58
  MINIMUM         54   1159 PM  29    1992  44     10       40
  AVERAGE         64                        53     11       49

PRECIPITATION (IN)
  YESTERDAY        0.00          1.84 1991   0.13  -0.13     0.00
  MONTH TO DATE    0.02                      0.76  -0.74     0.87
  SINCE MAR 1      5.41                      9.08  -3.67    10.73
  SINCE JAN 1     13.72                     15.80  -2.08    17.91

SNOWFALL (IN)
  YESTERDAY        0.0           T    1970   0.0    0.0      0.0
  MONTH TO DATE    0.0                       0.0    0.0      0.0
  SINCE MAR 1     11.1                      14.2   -3.1      4.3
  SINCE JUL 1    119.7                      64.1   55.6     85.2
  SNOW DEPTH      MM

DEGREE DAYS
 HEATING
  YESTERDAY        1                        12    -11       16
  MONTH TO DATE   36                        76    -40       79
  SINCE MAR 1   1680                      1586     94     1790
  SINCE JUL 1   6794                      6423    371     6844

 COOLING
  YESTERDAY        0                         0      0        0
  MONTH TO DATE    5                         0      5        0
  SINCE MAR 1      5                         3      2        0
  SINCE JAN 1      5                         3      2        0
..................................................................


WIND (MPH)
  RESULTANT WIND SPEED   2   RESULTANT WIND DIRECTION  NW (310)
  HIGHEST WIND SPEED    16   HIGHEST WIND DIRECTION     W (260)
  HIGHEST GUST SPEED    24   HIGHEST GUST DIRECTION     N (360)
  AVERAGE WIND SPEED     9.4


SKY COVER
  POSSIBLE SUNSHINE  MM
  AVERAGE SKY COVER 0.0


WEATHER CONDITIONS
 THE FOLLOWING WEATHER WAS RECORDED YESTERDAY.
  NO SIGNIFICANT WEATHER WAS OBSERVED.


RELATIVE HUMIDITY (PERCENT)
 HIGHEST    62          1200 AM
 LOWEST     19           300 PM
 AVERAGE    41

..........................................................


THE WORCESTER MA CLIMATE NORMALS FOR TODAY
                         NORMAL    RECORD    YEAR
 MAXIMUM TEMPERATURE (F)   63        90      1930
 MINIMUM TEMPERATURE (F)   44        28      1970


SUNRISE AND SUNSET
MAY  7 2015...........SUNRISE   536 AM EDT   SUNSET   753 PM EDT
MAY  8 2015...........SUNRISE   534 AM EDT   SUNSET   754 PM EDT


-  INDICATES NEGATIVE NUMBERS.
R  INDICATES RECORD WAS SET OR TIED.
MM INDICATES DATA IS MISSING.
T  INDICATES TRACE AMOUNT.




$$
