000
CDUS46 KMFR 020038
CLIOTH


CLIMATE REPORT
NATIONAL WEATHER SERVICE MEDFORD, OR
537 PM PDT WED APR 1 2015


...................................

...THE NORTH BEND OR CLIMATE SUMMARY FOR APRIL 1 2015...
VALID TODAY AS OF 0500 PM LOCAL TIME.

CLIMATE NORMAL PERIOD 1981 TO 2010
CLIMATE RECORD PERIOD 1902 TO 2015


WEATHER ITEM   OBSERVED TIME   RECORD YEAR NORMAL DEPARTURE LAST
                VALUE   (LST)  VALUE       VALUE  FROM      YEAR
                                                  NORMAL
..................................................................
TEMPERATURE (F)
 TODAY
  MAXIMUM         55        MM  79    1944  54      1       55
  MINIMUM         45        MM  31    1921  42      3       39
  AVERAGE         50                        48      2       47

PRECIPITATION (IN)
  TODAY            0.09          1.47 1931   0.21  -0.12     0.00
  MONTH TO DATE    0.09                      0.21  -0.12     0.00
  SINCE OCT 1     38.95                     51.91 -12.96    21.69
  SINCE JAN 1     15.65                     25.82 -10.17    16.07

SNOWFALL (IN)
  TODAY           MM                         0.0   MM       MM
  MONTH TO DATE   MM                         0.0   MM       MM
  SINCE JUL 1     MM                         0.4   MM        0.0
  SNOW DEPTH      MM

DEGREE DAYS
 HEATING
  TODAY           15                        17     -2       18
  MONTH TO DATE   15                        17     -2       18
  SINCE MAR 1    418                       555   -137      454
  SINCE JUL 1   2522                      3729  -1207     3251

 COOLING
  TODAY            0                         0      0        0
  MONTH TO DATE    0                         0      0        0
  SINCE MAR 1      0                         0      0        0
  SINCE JAN 1      0                         0      0        0
..................................................................


WIND (MPH)
  HIGHEST WIND SPEED    14   HIGHEST WIND DIRECTION    NW (310)
  HIGHEST GUST SPEED    18   HIGHEST GUST DIRECTION    NW (310)
  AVERAGE WIND SPEED     5.9


SKY COVER
  POSSIBLE SUNSHINE  MM
  AVERAGE SKY COVER 0.5


WEATHER CONDITIONS
 THE FOLLOWING WEATHER WAS RECORDED TODAY.
  NO SIGNIFICANT WEATHER WAS OBSERVED.


RELATIVE HUMIDITY (PERCENT)
 HIGHEST   100           100 AM
 LOWEST     66           200 PM

..........................................................


THE NORTH BEND OR CLIMATE NORMALS FOR TOMORROW
                         NORMAL    RECORD    YEAR
 MAXIMUM TEMPERATURE (F)   54        70      2004
 MINIMUM TEMPERATURE (F)   42        28      2008


SUNRISE AND SUNSET
APRIL  1 2015.........SUNRISE   659 AM PDT   SUNSET   743 PM PDT
APRIL  2 2015.........SUNRISE   657 AM PDT   SUNSET   745 PM PDT


-  INDICATES NEGATIVE NUMBERS.
R  INDICATES RECORD WAS SET OR TIED.
MM INDICATES DATA IS MISSING.
T  INDICATES TRACE AMOUNT.




$$
