000
CDUS43 KDMX 180630 RRB
CLIOTM

CLIMATE REPORT
NATIONAL WEATHER SERVICE DES MOINES IA
127 AM CDT SAT APR 18 2015


...................................

...THE OTTUMWA IA CLIMATE SUMMARY FOR APRIL 17 2015...

CLIMATE NORMAL PERIOD 1981 TO 2010
CLIMATE RECORD PERIOD 1920 TO 2015


WEATHER ITEM   OBSERVED TIME   RECORD YEAR NORMAL DEPARTURE LAST
                VALUE   (LST)  VALUE       VALUE  FROM      YEAR
                                                  NORMAL
..................................................................
TEMPERATURE (F)
 YESTERDAY
  MAXIMUM         79    255 PM  86    2004  63     16       52
  MINIMUM         48    531 AM  24    1907  40      8       36
  AVERAGE         64                        52     12       44

PRECIPITATION (IN)
  YESTERDAY        0.00          4.88 2013   0.11  -0.11     0.00
  MONTH TO DATE    0.90                      1.72  -0.82     1.82
  SINCE MAR 1      1.36                      3.96  -2.60     2.84
  SINCE JAN 1      2.52                      6.14  -3.62     5.65

DEGREE DAYS
 HEATING
  YESTERDAY        1                        14    -13       21
  MONTH TO DATE  182                       285   -103      319
  SINCE MAR 1    949                      1096   -147     1298
  SINCE JUL 1   6080                      5981     99     6811

 COOLING
  YESTERDAY        0                         0      0        0
  MONTH TO DATE    0                         0      0        5
  SINCE MAR 1      0                         1     -1        5
  SINCE JAN 1      0                         1     -1        5
..................................................................


WIND (MPH)
  HIGHEST WIND SPEED    10   HIGHEST WIND DIRECTION    SE (130)
  HIGHEST GUST SPEED    16   HIGHEST GUST DIRECTION    SE (140)
  AVERAGE WIND SPEED     3.5


SKY COVER
  POSSIBLE SUNSHINE  MM
  AVERAGE SKY COVER 0.5


WEATHER CONDITIONS
 THE FOLLOWING WEATHER WAS RECORDED YESTERDAY.
  FOG


RELATIVE HUMIDITY (PERCENT)
 HIGHEST    96           600 AM
 LOWEST     39           100 PM
 AVERAGE    68

..........................................................


THE OTTUMWA IA CLIMATE NORMALS FOR TODAY
                         NORMAL    RECORD    YEAR
 MAXIMUM TEMPERATURE (F)   63        87      1985
 MINIMUM TEMPERATURE (F)   40        19      1983


SUNRISE AND SUNSET
APRIL 18 2015.........SUNRISE   626 AM CDT   SUNSET   753 PM CDT
APRIL 19 2015.........SUNRISE   625 AM CDT   SUNSET   754 PM CDT


-  INDICATES NEGATIVE NUMBERS.
R  INDICATES RECORD WAS SET OR TIED.
MM INDICATES DATA IS MISSING.
T  INDICATES TRACE AMOUNT.




$$
