000
CDAK49 PAOT 061200
CLIOTZ

CLIMATE REPORT
NATIONAL WEATHER SERVICE KOTZEBUE, AK
400 AM AKDT WED MAY 6 2015

...................................
...THE KOTZEBUE WSO AP CLIMATE SUMMARY FOR MAY 5 2015...

CLIMATE NORMAL PERIOD  1981 TO  2010
CLIMATE RECORD PERIOD  1897 TO  2015

WEATHER ITEM   OBSERVED TIME    RECORD YEAR NORMAL DEPARTURE LAST
               VALUE    (LST)   VALUE       VALUE  FROM      YEAR
                                                   NORMAL
...................................................................
TEMPERATURE
YESTERDAY
 MAXIMUM            32  0453 PM    50  1960     33      -1     31
 MINIMUM            14  0729 AM   -11  1992     20      -6     19
 AVERAGE            23                          27      -4     25

PRECIPITATION
(INCHES)
 YESTERDAY        0.00           0.10  2005   0.02   -0.02      T
 MONTH TO DATE       T                        0.08   -0.08   0.08
 SINCE MAR 1      1.08                        1.06    0.02   0.63
 SINCE JAN 1      1.93                        2.34   -0.41   1.35

SNOWFALL
(INCHES)
 YESTERDAY         0.0            1.6  1999    0.1    -0.1      T
 MONTH TO DATE       T                         0.4    -0.4      T
 SINCE MAR 1       9.4                        11.4    -2.0    7.2
 SINCE JUL 1      24.7                        59.0   -34.3   32.2
 SNOW DEPTH (IN)     2                                          T

DEGREE DAYS
 HEATING
  YESTERDAY         42                          38       4     40
  MONTH TO DATE    207                         198       9    154
  SINCE MAR 1     3734                        3736      -2   3201
  SINCE JUL 1    12585                       13978   -1393  12152

 COOLING
  YESTERDAY          0                           0       0      0
  MONTH TO DATE      0                           0       0      0
  SINCE MAR 1        0                           0       0      0
  SINCE JAN 1        0                           0       0      0
...................................................................

WIND (MPH)
 HIGHEST WIND SPEED     8     HIGHEST WIND DIRECTION    300
 HIGHEST GUST SPEED     9     HIGHEST GUST DIRECTION    300
 AVERAGE WIND SPEED   4.2

SKY COVER
  POSSIBLE SUNSHINE    MM          AVERAGE SKY COVER     MM

WEATHER CONDITIONS
 THE FOLLOWING WEATHER WAS RECORDED YESTERDAY.
  NONE.

RELATIVE HUMIDITY
 HIGHEST RH     MM PERCENT       MM
 LOWEST  RH     MM PERCENT       MM
 AVERAGE RH     MM PERCENT       MM
...................................................................

THE KOTZEBUE CLIMATE NORMALS FOR TODAY
                           NORMAL    RECORD   YEAR
 MAXIMUM TEMPERATURE (F)     34        51     1940
 MINIMUM TEMPERATURE (F)     21       -12     1949

SUNRISE AND SUNSET
 MAY 6 2015..........SUNRISE  5:38 AM      SUNSET 12:00 PM
 MAY 7 2015..........SUNRISE  5:34 AM      SUNSET 12:04 AM

-  INDICATES NEGATIVE NUMBERS.
R  INDICATES RECORD HAS BEEN SET OR TIED.
MM INDICATES DATA IS MISSING.
T  INDICATES TRACE OF PRECIPITATION.

&&
-------------------------------------------------------------------

AMOUNT OF DAYLIGHT TODAY  (HOUR:MIN)........18 HOURS 22 MINUTES
GAIN SINCE YESTERDAY (HOUR:MIN:SEC).........+0:08:28

$$

DT MAY 15
