000
CDUS43 KPAH 192132
CLIPAH


CLIMATE REPORT
NATIONAL WEATHER SERVICE PADUCAH KY
430 PM CDT SUN APR 19 2015

...................................

...THE PADUCAH KY CLIMATE SUMMARY FOR APRIL 19 2015...
VALID TODAY AS OF 0400 PM LOCAL TIME.

CLIMATE NORMAL PERIOD 1981 TO 2010
CLIMATE RECORD PERIOD 1937 TO 2015

WEATHER ITEM   OBSERVED TIME   RECORD YEAR NORMAL DEPARTURE LAST
                VALUE   (LST)  VALUE       VALUE  FROM      YEAR
                                                  NORMAL
..................................................................
TEMPERATURE (F)
 TODAY
  MAXIMUM         72    230 PM  88    1971  71      1       79
  MINIMUM         63    538 AM  29    1983  48     15       46
                                      1953
  AVERAGE         68                        59      9       63

PRECIPITATION (IN)
  TODAY            0.44          2.38 1973   0.18   0.26     0.00
  MONTH TO DATE    5.41                      2.87   2.54     4.73
  SINCE MAR 1     14.14                      6.80   7.34     8.38
  SINCE JAN 1     21.43                     14.39   7.04    13.56

SNOWFALL (IN)
  TODAY            0.0                                       0.0
  MONTH TO DATE    0.0                                       0.0
  SINCE JUL 1     28.6                                      18.5
  SNOW DEPTH       0
..................................................................

WIND (MPH)
  HIGHEST WIND SPEED    20   HIGHEST WIND DIRECTION     W (270)
  HIGHEST GUST SPEED    26   HIGHEST GUST DIRECTION     W (270)

RELATIVE HUMIDITY (PERCENT)
 HIGHEST    93
 LOWEST     79
..........................................................

THE PADUCAH KY CLIMATE NORMALS FOR TOMORROW
                         NORMAL    RECORD    YEAR
 MAXIMUM TEMPERATURE (F)   71        88      1987
                                             1971
 MINIMUM TEMPERATURE (F)   48        27      1983

SUNRISE AND SUNSET
APRIL 19 2015.........SUNRISE   616 AM CDT   SUNSET   733 PM CDT
APRIL 20 2015.........SUNRISE   614 AM CDT   SUNSET   734 PM CDT

-  INDICATES NEGATIVE NUMBERS.
R  INDICATES RECORD WAS SET OR TIED.
MM INDICATES DATA IS MISSING.
T  INDICATES TRACE AMOUNT.

$$
