000
CDUS43 KUNR 030837
CLIPHP


CLIMATE REPORT
NATIONAL WEATHER SERVICE RAPID CITY SD
234 AM MDT SUN MAY 3 2015


...................................

...THE PHILIP SD CLIMATE SUMMARY FOR MAY 2 2015...

CLIMATE NORMAL PERIOD 1981 TO 2010
CLIMATE RECORD PERIOD 9999 TO 9999


WEATHER ITEM   OBSERVED TIME   NORMAL DEPARTURE LAST
                VALUE   (LST)  VALUE  FROM      YEAR
                                      NORMAL
......................................................
TEMPERATURE (F)
 YESTERDAY
  MAXIMUM         90    124 PM  66     24       64
  MINIMUM         43    513 AM  39      4       38
  AVERAGE         67            52     15       51

PRECIPITATION (IN)
  YESTERDAY        0.00          0.10  -0.10      T
  MONTH TO DATE    0.00          0.19  -0.19      T
  SINCE MAR 1      0.43          3.30  -2.87     1.96
  SINCE JAN 1      0.54          4.08  -3.54     2.44

DEGREE DAYS
 HEATING
  YESTERDAY        0            13    -13       14
  MONTH TO DATE    8            26    -18       33
  SINCE MAR 1   1239          1528   -289     1592
  SINCE JUL 1   6379          6893   -514     7195

 COOLING
  YESTERDAY        2             0      2        0
  MONTH TO DATE    2             0      2        0
  SINCE MAR 1      5             3      2        0
  SINCE JAN 1      5             3      2        0
......................................................


WIND (MPH)
  HIGHEST WIND SPEED    22   HIGHEST WIND DIRECTION    SW (210)
  HIGHEST GUST SPEED    27   HIGHEST GUST DIRECTION    SW (210)
  AVERAGE WIND SPEED     7.5


SKY COVER
  AVERAGE SKY COVER 0.0


WEATHER CONDITIONS
 THE FOLLOWING WEATHER WAS RECORDED YESTERDAY.
  NO SIGNIFICANT WEATHER WAS OBSERVED.


RELATIVE HUMIDITY (PERCENT)
 HIGHEST    71           400 AM
 LOWEST     12           400 PM
 AVERAGE    42

..........................................................




SUNRISE AND SUNSET
MAY  3 2015...........SUNRISE   535 AM MDT   SUNSET   752 PM MDT
MAY  4 2015...........SUNRISE   534 AM MDT   SUNSET   753 PM MDT


-  INDICATES NEGATIVE NUMBERS.
R  INDICATES RECORD WAS SET OR TIED.
MM INDICATES DATA IS MISSING.
T  INDICATES TRACE AMOUNT.




$$
