000
CDUS45 KPIH 260733
CLIPIH


CLIMATE REPORT
NATIONAL WEATHER SERVICE POCATELLO ID
132 AM MDT SUN APR 26 2015


...................................

...THE POCATELLO ID CLIMATE SUMMARY FOR APRIL 25 2015...

CLIMATE NORMAL PERIOD 1981 TO 2010
CLIMATE RECORD PERIOD 1939 TO 2015


WEATHER ITEM   OBSERVED TIME   RECORD YEAR NORMAL DEPARTURE LAST
                VALUE   (LST)  VALUE       VALUE  FROM      YEAR
                                                  NORMAL
..................................................................
TEMPERATURE (F)
 YESTERDAY
  MAXIMUM         57    312 PM  86    1946  61     -4       55
  MINIMUM         39    620 AM  24    2013  35      4       40
                                      2009
  AVERAGE         48                        48      0       48

PRECIPITATION (IN)
  YESTERDAY        T             0.72 1971   0.04  -0.04     0.29
  MONTH TO DATE    0.39                      0.92  -0.53     1.14
  SINCE OCT 1      4.13                      7.36  -3.23     6.51
  SINCE JAN 1      1.74                      4.14  -2.40     5.14

SNOWFALL (IN)
  YESTERDAY        0.0
  MONTH TO DATE    2.9
  SINCE MAR 1      5.5
  SINCE JUL 1     20.3
  SNOW DEPTH       0

DEGREE DAYS
 HEATING
  YESTERDAY       17                        17      0       17
  MONTH TO DATE  487                       500    -13      447
  SINCE MAR 1   1124                      1339   -215     1178
  SINCE JUL 1   5465                      6612  -1147     6158

 COOLING
  YESTERDAY        0                         0      0        0
  MONTH TO DATE    0                         0      0        0
  SINCE MAR 1      0                         0      0        0
  SINCE JAN 1      0                         0      0        0
..................................................................


WIND (MPH)
  HIGHEST WIND SPEED    29   HIGHEST WIND DIRECTION     W (250)
  HIGHEST GUST SPEED    34   HIGHEST GUST DIRECTION    SW (240)
  AVERAGE WIND SPEED    11.4


SKY COVER
  POSSIBLE SUNSHINE  MM
  AVERAGE SKY COVER 0.8


WEATHER CONDITIONS
 THE FOLLOWING WEATHER WAS RECORDED YESTERDAY.
  LIGHT RAIN


RELATIVE HUMIDITY (PERCENT)
 HIGHEST    82          1100 PM
 LOWEST     32           300 PM
 AVERAGE    57

..........................................................


THE POCATELLO ID CLIMATE NORMALS FOR TODAY
                         NORMAL    RECORD    YEAR
 MAXIMUM TEMPERATURE (F)   62        85      1992
                                             1987
 MINIMUM TEMPERATURE (F)   35        16      2008


SUNRISE AND SUNSET
APRIL 26 2015.........SUNRISE   632 AM MDT   SUNSET   825 PM MDT
APRIL 27 2015.........SUNRISE   630 AM MDT   SUNSET   826 PM MDT


-  INDICATES NEGATIVE NUMBERS.
R  INDICATES RECORD WAS SET OR TIED.
MM INDICATES DATA IS MISSING.
T  INDICATES TRACE AMOUNT.




$$
