000
CDUS43 KABR 041031
CLIPIR


CLIMATE REPORT
NATIONAL WEATHER SERVICE ABERDEEN SD
531 AM CDT MON MAY 4 2015


...................................

...THE PIERRE SD CLIMATE SUMMARY FOR MAY 3 2015...

CLIMATE NORMAL PERIOD 1981 TO 2010
CLIMATE RECORD PERIOD 1892 TO 2015


WEATHER ITEM   OBSERVED TIME   RECORD YEAR NORMAL DEPARTURE LAST
                VALUE   (LST)  VALUE       VALUE  FROM      YEAR
                                                  NORMAL
..................................................................
TEMPERATURE (F)
 YESTERDAY
  MAXIMUM         75    304 PM  94    1982  67      8       56
  MINIMUM         44   1155 PM  21    2013  41      3       38
  AVERAGE         60                        54      6       47

PRECIPITATION (IN)
  YESTERDAY        0.00          1.20 1905   0.08  -0.08     0.05
  MONTH TO DATE    0.00                      0.26  -0.26     0.05
  SINCE MAR 1      0.82                      3.30  -2.48     3.01
  SINCE JAN 1      1.17                      4.31  -3.14     3.58

DEGREE DAYS
 HEATING
  YESTERDAY        5                        12     -7       18
  MONTH TO DATE   11                        36    -25       48
  SINCE MAR 1   1214                      1528   -314     1720
  SINCE JUL 1   6723                      7026   -303     7715

 COOLING
  YESTERDAY        0                         1     -1        0
  MONTH TO DATE    3                         1      2        0
  SINCE MAR 1      8                         5      3        0
  SINCE JAN 1      8                         5      3        0
..................................................................


WIND (MPH)
  RESULTANT WIND SPEED  15   RESULTANT WIND DIRECTION   N (20)
  HIGHEST WIND SPEED    35   HIGHEST WIND DIRECTION     N (20)
  HIGHEST GUST SPEED    43   HIGHEST GUST DIRECTION     N (20)
  AVERAGE WIND SPEED    15.9




RELATIVE HUMIDITY (PERCENT)
 HIGHEST    56           400 AM
 LOWEST     20           600 PM
 AVERAGE    38

..........................................................


THE PIERRE SD CLIMATE NORMALS FOR TODAY
                         NORMAL    RECORD    YEAR
 MAXIMUM TEMPERATURE (F)   67        95      2000
 MINIMUM TEMPERATURE (F)   41        23      1967


SUNRISE AND SUNSET
MAY  4 2015...........SUNRISE   628 AM CDT   SUNSET   849 PM CDT
MAY  5 2015...........SUNRISE   627 AM CDT   SUNSET   850 PM CDT


-  INDICATES NEGATIVE NUMBERS.
R  INDICATES RECORD WAS SET OR TIED.
MM INDICATES DATA IS MISSING.
T  INDICATES TRACE AMOUNT.




$$
