000
CDUS45 KFGZ 180752
CLIPRC
CLIMATE REPORT
NATIONAL WEATHER SERVICE FLAGSTAFF, AZ
1251 AM MST SAT APR 18 2015


...................................

...THE PRESCOTT AZ AIRPORT CLIMATE SUMMARY FOR APRIL 17 2015...

CLIMATE NORMAL PERIOD 1981 TO 2010
CLIMATE RECORD PERIOD 1948 TO 2015


WEATHER ITEM   OBSERVED TIME   RECORD YEAR NORMAL DEPARTURE LAST
                VALUE   (LST)  VALUE       VALUE  FROM      YEAR
                                                  NORMAL
..................................................................
TEMPERATURE (F)
 YESTERDAY
  MAXIMUM         63    532 PM  85    1962  68     -5       78
  MINIMUM         31    612 AM  25    1978  38     -7       41
  AVERAGE         47                        53     -6

PRECIPITATION (IN)
  YESTERDAY        T             0.31 1988   0.02  -0.02     0.00
  MONTH TO DATE    T                         0.33  -0.33      T
  SINCE SEP 1      8.42                      8.22   0.20     5.40
  SINCE JAN 1      3.74                      3.91  -0.17     0.68

DEGREE DAYS
 HEATING
  YESTERDAY       18                                6
  MONTH TO DATE  211                              -28
  SINCE JUL 1   3143                             -843

 COOLING
  YESTERDAY        0                                0
  MONTH TO DATE    0                                0
  SINCE JAN 1      0                                0
..................................................................


WIND (MPH)
  HIGHEST WIND SPEED    22   HIGHEST WIND DIRECTION     N (350)
  HIGHEST GUST SPEED    32   HIGHEST GUST DIRECTION    NW (330)
  AVERAGE WIND SPEED     6.5


SKY COVER
  AVERAGE SKY COVER 0.4


WEATHER CONDITIONS
 THE FOLLOWING WEATHER WAS RECORDED YESTERDAY.
  LIGHT RAIN


RELATIVE HUMIDITY (PERCENT)
 HIGHEST    82
 LOWEST     19

..........................................................


THE PRESCOTT AZ AIRPORT CLIMATE NORMALS FOR TODAY
                         NORMAL    RECORD    YEAR
 MAXIMUM TEMPERATURE (F)   68        87      1962
 MINIMUM TEMPERATURE (F)   39        25      1963


SUNRISE AND SUNSET
APRIL 18 2015.........SUNRISE   555 AM MST   SUNSET   704 PM MST
APRIL 19 2015.........SUNRISE   553 AM MST   SUNSET   705 PM MST


-  INDICATES NEGATIVE NUMBERS.
R  INDICATES RECORD WAS SET OR TIED.
MM INDICATES DATA IS MISSING.
T  INDICATES TRACE AMOUNT.




$$
