000
CDUS46 KOTX 190833
CLIPUW


CLIMATE REPORT
NATIONAL WEATHER SERVICE SPOKANE, WA
133 AM PDT SUN APR 19 2015


...................................

...THE PULLMAN-MOSCOW  AIRPORT CLIMATE SUMMARY FOR APRIL 18 2015...

CLIMATE NORMAL PERIOD 1981 TO 2010
CLIMATE RECORD PERIOD 9999 TO 9999


WEATHER ITEM   OBSERVED TIME   RECORD YEAR NORMAL DEPARTURE LAST
                VALUE   (LST)  VALUE       VALUE  FROM      YEAR
                                                  NORMAL
..................................................................
TEMPERATURE (F)
 YESTERDAY
  MAXIMUM         65    332 PM  80    1952  57      8       51
  MINIMUM         34    501 AM  21    1977  36     -2       33
  AVERAGE         50                        46      4       42

PRECIPITATION (IN)
  YESTERDAY        0.00          0.35 1993   0.04  -0.04     0.00
  MONTH TO DATE    0.55                      0.98  -0.43     0.61
  SINCE OCT 1     13.65                     11.57   2.08    11.21
  SINCE JAN 1      6.80                      6.37   0.43     7.87

SNOWFALL (IN)
  YESTERDAY       MM

DEGREE DAYS
 HEATING
  YESTERDAY       15                        19     -4       23
  MONTH TO DATE  372                       365      7      338
  SINCE MAR 1    969                      1121   -152     1052
  SINCE JUL 1   4800                      5824  -1024     5903

 COOLING
  YESTERDAY        0                         0      0        0
  MONTH TO DATE    0                         0      0        0
  SINCE MAR 1      0                         0      0        0
  SINCE JAN 1      0                         0      0        0
..................................................................


WIND (MPH)
  HIGHEST WIND SPEED    18   HIGHEST WIND DIRECTION     W (270)
  HIGHEST GUST SPEED    24   HIGHEST GUST DIRECTION     W (270)
  AVERAGE WIND SPEED     7.4


SKY COVER
  POSSIBLE SUNSHINE  MM
  AVERAGE SKY COVER 0.0


WEATHER CONDITIONS
 THE FOLLOWING WEATHER WAS RECORDED YESTERDAY.
  NO SIGNIFICANT WEATHER WAS OBSERVED.


RELATIVE HUMIDITY (PERCENT)
 HIGHEST    89           200 AM
 LOWEST     19           100 PM
 AVERAGE    54

..........................................................


THE PULLMAN-MOSCOW  AIRPORT CLIMATE NORMALS FOR TODAY
                         NORMAL    RECORD    YEAR
 MAXIMUM TEMPERATURE (F)   57        79      1994
 MINIMUM TEMPERATURE (F)   36        13      1966


SUNRISE AND SUNSET
APRIL 19 2015.........SUNRISE   554 AM PDT   SUNSET   742 PM PDT
APRIL 20 2015.........SUNRISE   552 AM PDT   SUNSET   743 PM PDT


-  INDICATES NEGATIVE NUMBERS.
R  INDICATES RECORD WAS SET OR TIED.
MM INDICATES DATA IS MISSING.
T  INDICATES TRACE AMOUNT.




$$
