000
CDUS43 KUNR 260832
CLIRAP


CLIMATE REPORT
NATIONAL WEATHER SERVICE RAPID CITY SD
231 AM MDT SUN APR 26 2015


...................................

...THE RAPID CITY AIRPORT SD CLIMATE SUMMARY FOR APRIL 25 2015...

CLIMATE NORMAL PERIOD 1981 TO 2010
CLIMATE RECORD PERIOD 1942 TO 2015


WEATHER ITEM   OBSERVED TIME   RECORD YEAR NORMAL DEPARTURE LAST
                VALUE   (LST)  VALUE       VALUE  FROM      YEAR
                                                  NORMAL
..................................................................
TEMPERATURE (F)
 YESTERDAY
  MAXIMUM         53    545 PM  86    1962  62     -9       70
  MINIMUM         37    524 AM  22    2002  35      2       33
  AVERAGE         45                        48     -3       52

PRECIPITATION (IN)
  YESTERDAY        0.01          1.64 1984   0.08  -0.07     0.00
  MONTH TO DATE    0.56                      1.37  -0.81     0.54
  SINCE MAR 1      0.66                      2.30  -1.64     1.63
  SINCE JAN 1      1.09                      3.04  -1.95     2.12

SNOWFALL (IN)
  YESTERDAY        0.0           8.1  1984   0.2   -0.2      0.0
  MONTH TO DATE    T                         7.0   -7.0      6.0
  SINCE MAR 1      1.2                      15.7  -14.5     20.4
  SINCE JUL 1     36.2                      39.1   -2.9     63.4
  SNOW DEPTH       0

DEGREE DAYS
 HEATING
  YESTERDAY       20                        17      3       13
  MONTH TO DATE  507                       522    -15      534
  SINCE MAR 1   1209                      1440   -231     1551
  SINCE JUL 1   6317                      6650   -333     7184

 COOLING
  YESTERDAY        0                         0      0        0
  MONTH TO DATE    0                         0      0        0
  SINCE MAR 1      0                         0      0        0
  SINCE JAN 1      0                         0      0        0
..................................................................


WIND (MPH)
  HIGHEST WIND SPEED    23   HIGHEST WIND DIRECTION     N (340)
  HIGHEST GUST SPEED    28   HIGHEST GUST DIRECTION     N (340)
  AVERAGE WIND SPEED     9.9


SKY COVER
  AVERAGE SKY COVER 0.8


WEATHER CONDITIONS
 THE FOLLOWING WEATHER WAS RECORDED YESTERDAY.
  LIGHT RAIN
  FOG
  FOG W/VISIBILITY <= 1/4 MILE


RELATIVE HUMIDITY (PERCENT)
 HIGHEST   100           700 AM
 LOWEST     77           500 PM
 AVERAGE    89

..........................................................


THE RAPID CITY AIRPORT SD CLIMATE NORMALS FOR TODAY
                         NORMAL    RECORD    YEAR
 MAXIMUM TEMPERATURE (F)   62        89      1952
 MINIMUM TEMPERATURE (F)   35        20      1988
                                             1950


SUNRISE AND SUNSET
APRIL 26 2015.........SUNRISE   552 AM MDT   SUNSET   749 PM MDT
APRIL 27 2015.........SUNRISE   550 AM MDT   SUNSET   751 PM MDT


-  INDICATES NEGATIVE NUMBERS.
R  INDICATES RECORD WAS SET OR TIED.
MM INDICATES DATA IS MISSING.
T  INDICATES TRACE AMOUNT.




$$
