000
CDUS46 KMFR 270838
CLIRBG


CLIMATE REPORT
NATIONAL WEATHER SERVICE MEDFORD, OR
138 AM PDT MON APR 27 2015


...................................

...THE ROSEBURG OR CLIMATE SUMMARY FOR APRIL 26 2015...

CLIMATE NORMAL PERIOD 1981 TO 2010
CLIMATE RECORD PERIOD 1931 TO 2015


WEATHER ITEM   OBSERVED TIME   RECORD YEAR NORMAL DEPARTURE LAST
                VALUE   (LST)  VALUE       VALUE  FROM      YEAR
                                                  NORMAL
..................................................................
TEMPERATURE (F)
 YESTERDAY
  MAXIMUM         65    331 PM  92    2004  65      0       59
  MINIMUM         41    528 AM  29    1955  44     -3       39
  AVERAGE         53                        54     -1       49

PRECIPITATION (IN)
  YESTERDAY        0.00          0.30 1978   0.09  -0.09     0.07
  MONTH TO DATE    0.94                      2.50  -1.56     1.33
  SINCE OCT 1     24.48                     30.69  -6.21    17.44
  SINCE JAN 1     10.20                     15.04  -4.84    13.74

SNOWFALL (IN)
  YESTERDAY       MM                        MM     MM       MM
  MONTH TO DATE   MM                        MM     MM       MM
  SINCE JUL 1      0.0                      MM     MM        0.0
  SNOW DEPTH      MM

DEGREE DAYS
 HEATING
  YESTERDAY       12                        11      1       16
  MONTH TO DATE  324                       344    -20      263
  SINCE MAR 1    644                       854   -210      660
  SINCE JUL 1   2701                      3723  -1022     3587

 COOLING
  YESTERDAY        0                         0      0        0
  MONTH TO DATE    0                         0      0        0
  SINCE MAR 1      0                         0      0        0
  SINCE JAN 1      0                         0      0        0
..................................................................


WIND (MPH)
  RESULTANT WIND SPEED   1   RESULTANT WIND DIRECTION  NW (300)
  HIGHEST WIND SPEED     8   HIGHEST WIND DIRECTION     N (360)
  HIGHEST GUST SPEED    12   HIGHEST GUST DIRECTION     S (190)
  AVERAGE WIND SPEED     1.8


SKY COVER
  POSSIBLE SUNSHINE  MM
  AVERAGE SKY COVER 0.7


WEATHER CONDITIONS
 THE FOLLOWING WEATHER WAS RECORDED YESTERDAY.
  NO SIGNIFICANT WEATHER WAS OBSERVED.


RELATIVE HUMIDITY (PERCENT)
 HIGHEST    89           200 AM
 LOWEST     51          1200 PM
 AVERAGE    70

..........................................................


THE ROSEBURG OR CLIMATE NORMALS FOR TODAY
                         NORMAL    RECORD    YEAR
 MAXIMUM TEMPERATURE (F)   65        92      2004
 MINIMUM TEMPERATURE (F)   44        27      1955


SUNRISE AND SUNSET
APRIL 27 2015.........SUNRISE   613 AM PDT   SUNSET   810 PM PDT
APRIL 28 2015.........SUNRISE   611 AM PDT   SUNSET   811 PM PDT


-  INDICATES NEGATIVE NUMBERS.
R  INDICATES RECORD WAS SET OR TIED.
MM INDICATES DATA IS MISSING.
T  INDICATES TRACE AMOUNT.




$$
