000
CDUS42 KRAH 030735
CLIRDU


CLIMATE REPORT
NATIONAL WEATHER SERVICE RALEIGH NC
332 AM EDT SUN MAY 3 2015


...................................

...THE RALEIGH-DURHAM INTL AIRPORT NC CLIMATE SUMMARY FOR MAY 2 2015...

CLIMATE NORMAL PERIOD 1981 TO 2010
CLIMATE RECORD PERIOD 1887 TO 2015


WEATHER ITEM   OBSERVED TIME   RECORD YEAR NORMAL DEPARTURE LAST
                VALUE   (LST)  VALUE       VALUE  FROM      YEAR
                                                  NORMAL
..................................................................
TEMPERATURE (F)
 YESTERDAY
  MAXIMUM         73    408 PM  92    2010  76     -3       69
  MINIMUM         46    552 AM  29    1963  52     -6       51
  AVERAGE         60                        64     -4       60

PRECIPITATION (IN)
  YESTERDAY        0.00          1.40 1939   0.08  -0.08     0.00
  MONTH TO DATE    0.58                      0.17   0.41     0.00
  SINCE MAR 1      9.12                      7.20   1.92    10.29
  SINCE JAN 1     15.38                     13.93   1.45    15.25

DEGREE DAYS
 HEATING
  YESTERDAY        5                         3      2        5
  MONTH TO DATE   14                         7      7        5
  SINCE MAR 1    581                       624    -43      755
  SINCE JUL 1   3478                      3196    282     3456

 COOLING
  YESTERDAY        0                         3     -3        0
  MONTH TO DATE    0                         6     -6        6
  SINCE MAR 1     56                        66    -10       37
  SINCE JAN 1     56                        67    -11       37
..................................................................


WIND (MPH)
  HIGHEST WIND SPEED    13   HIGHEST WIND DIRECTION    NE (40)
  HIGHEST GUST SPEED    18   HIGHEST GUST DIRECTION    NE (50)
  AVERAGE WIND SPEED     2.9


SKY COVER
  POSSIBLE SUNSHINE  MM
  AVERAGE SKY COVER 0.5


WEATHER CONDITIONS
 THE FOLLOWING WEATHER WAS RECORDED YESTERDAY.
  FOG


RELATIVE HUMIDITY (PERCENT)
 HIGHEST   100          1200 AM
 LOWEST     44           300 PM
 AVERAGE    72

..........................................................


THE RALEIGH-DURHAM INTL AIRPORT NC CLIMATE NORMALS FOR TODAY
                         NORMAL    RECORD    YEAR
 MAXIMUM TEMPERATURE (F)   77        93      1959
 MINIMUM TEMPERATURE (F)   53        37      1978


SUNRISE AND SUNSET
MAY  3 2015...........SUNRISE   621 AM EDT   SUNSET   804 PM EDT
MAY  4 2015...........SUNRISE   620 AM EDT   SUNSET   804 PM EDT


-  INDICATES NEGATIVE NUMBERS.
R  INDICATES RECORD WAS SET OR TIED.
MM INDICATES DATA IS MISSING.
T  INDICATES TRACE AMOUNT.

&&

CLIMATE REPORT NWS FORECAST OFFICE
NCSU CENTENNIAL CAMPUS
RALEIGH, NC

MAXIMUM TEMPERATURE... 73

0MINIMUM TEMPERATURE... 47

PRECIPITATION... 0.00


$$
