000
CDUS43 KGRB 052135
CLIRHI


CLIMATE REPORT
NATIONAL WEATHER SERVICE GREEN BAY
434 PM CDT TUE MAY 5 2015


...................................

...THE RHINELANDER WI CLIMATE SUMMARY FOR MAY 5 2015...
VALID TODAY AS OF 0400 PM LOCAL TIME.

CLIMATE NORMAL PERIOD 1981 TO 2010
CLIMATE RECORD PERIOD 1908 TO 2015


WEATHER ITEM   OBSERVED TIME   RECORD YEAR NORMAL DEPARTURE LAST
                VALUE   (LST)  VALUE       VALUE  FROM      YEAR
                                                  NORMAL
..................................................................
TEMPERATURE (F)
 TODAY
  MAXIMUM         70    236 PM  88    1918  62      8       53
  MINIMUM         36    425 AM  21    1954  37     -1       32
  AVERAGE         53                        50      3       43

PRECIPITATION (IN)
  TODAY            0.00          1.03 1982   0.11  -0.11     0.10
  MONTH TO DATE    0.39                      0.53  -0.14     0.46
  SINCE MAR 1      4.41                      4.68  -0.27     6.08
  SINCE JAN 1      5.30                      6.72  -1.42     8.69

SNOWFALL (IN)
  TODAY            0.0           5.0  1979  MM     MM        0.1
  MONTH TO DATE    0.0                      MM     MM        0.1
  SINCE MAR 1     20.4                      MM     MM       37.8
  SINCE JUL 1     89.3                      MM     MM      110.3
  SNOW DEPTH       0

DEGREE DAYS
 HEATING
  TODAY           12                        16     -4       22
  MONTH TO DATE   36                        82    -46      110
  SINCE MAR 1   1851                      1960   -109     2448
  SINCE JUL 1   9192                      8582    610    10077

 COOLING
  TODAY            0                         0      0        0
  MONTH TO DATE    1                         0      1        0
  SINCE MAR 1      1                         1      0        0
  SINCE JAN 1      1                         1      0        0
..................................................................


WIND (MPH)
  HIGHEST WIND SPEED    17   HIGHEST WIND DIRECTION    SE (120)
  HIGHEST GUST SPEED    23   HIGHEST GUST DIRECTION    SE (130)
  AVERAGE WIND SPEED     5.5


SKY COVER
  POSSIBLE SUNSHINE  MM
  AVERAGE SKY COVER 0.0


WEATHER CONDITIONS
 THE FOLLOWING WEATHER WAS RECORDED TODAY.
  NO SIGNIFICANT WEATHER WAS OBSERVED.


RELATIVE HUMIDITY (PERCENT)
 HIGHEST    85           300 AM
 LOWEST     22           300 PM
 AVERAGE    54

..........................................................


THE RHINELANDER WI CLIMATE NORMALS FOR TOMORROW
                         NORMAL    RECORD    YEAR
 MAXIMUM TEMPERATURE (F)   63        93      1934
                                             1930
 MINIMUM TEMPERATURE (F)   37        22      1983


SUNRISE AND SUNSET
MAY  5 2015...........SUNRISE   540 AM CDT   SUNSET   810 PM CDT
MAY  6 2015...........SUNRISE   539 AM CDT   SUNSET   811 PM CDT


-  INDICATES NEGATIVE NUMBERS.
R  INDICATES RECORD WAS SET OR TIED.
MM INDICATES DATA IS MISSING.
T  INDICATES TRACE AMOUNT.




$$
