000
CDUS45 KRIW 210054
CLIRKS


CLIMATE REPORT
NATIONAL WEATHER SERVICE RIVERTON WY
653 PM MDT MON APR 20 2015


...................................

...THE ROCK SPRINGS WY CLIMATE SUMMARY FOR APRIL 20 2015...
VALID TODAY AS OF 0500 PM LOCAL TIME.

CLIMATE NORMAL PERIOD 1981 TO 2010
CLIMATE RECORD PERIOD 1948 TO 2015


WEATHER ITEM   OBSERVED TIME   RECORD YEAR NORMAL DEPARTURE LAST
                VALUE   (LST)  VALUE       VALUE  FROM      YEAR
                                                  NORMAL
..................................................................
TEMPERATURE (F)
 TODAY
  MAXIMUM         59        MM  79    1989  55      4       69
  MINIMUM         28        MM   6    1966  30     -2       39
  AVERAGE         44                        43      1       54

PRECIPITATION (IN)
  TODAY            0.00                      0.03  -0.03     0.00
  MONTH TO DATE    0.36                      0.56  -0.20     0.17
  SINCE MAR 1      0.58                      1.24  -0.66     0.60
  SINCE JAN 1      0.67                      2.17  -1.50     0.75

DEGREE DAYS
 HEATING
  TODAY           21                        22     -1       11
  MONTH TO DATE  506                       496     10      441
  SINCE MAR 1   1279                      1473   -194     1327
  SINCE JUL 1   6392                      7325   -933     6779

 COOLING
  TODAY            0                         0      0        0
  MONTH TO DATE    0                         0      0        0
  SINCE MAR 1      0                         0      0        0
  SINCE JAN 1      0                         0      0        0
..................................................................


WIND (MPH)
  HIGHEST WIND SPEED    18   HIGHEST WIND DIRECTION     E (70)
  HIGHEST GUST SPEED    24   HIGHEST GUST DIRECTION     E (70)
  AVERAGE WIND SPEED     7.4


SKY COVER
  POSSIBLE SUNSHINE  MM
  AVERAGE SKY COVER 0.6


WEATHER CONDITIONS
 THE FOLLOWING WEATHER WAS RECORDED TODAY.
  NO SIGNIFICANT WEATHER WAS OBSERVED.


RELATIVE HUMIDITY (PERCENT)
 HIGHEST   100           800 AM
 LOWEST     24           400 PM
 AVERAGE    62

..........................................................


THE ROCK SPRINGS WY CLIMATE NORMALS FOR TOMORROW
                         NORMAL    RECORD    YEAR
 MAXIMUM TEMPERATURE (F)   55        77      1989
 MINIMUM TEMPERATURE (F)   31        14      1970


SUNRISE AND SUNSET
APRIL 20 2015.........SUNRISE   629 AM MDT   SUNSET   802 PM MDT
APRIL 21 2015.........SUNRISE   627 AM MDT   SUNSET   803 PM MDT


-  INDICATES NEGATIVE NUMBERS.
R  INDICATES RECORD WAS SET OR TIED.
MM INDICATES DATA IS MISSING.
T  INDICATES TRACE AMOUNT.




$$
