000
CDUS45 KREV 270851
CLIRNO


CLIMATE REPORT
NATIONAL WEATHER SERVICE RENO NV
151 AM PDT MON APR 27 2015


...................................

...THE RENO TAHOE AIRPORT NV CLIMATE SUMMARY FOR APRIL 26 2015...

CLIMATE NORMAL PERIOD 1981 TO 2010
CLIMATE RECORD PERIOD 1888 TO 2015


WEATHER ITEM   OBSERVED TIME   RECORD YEAR NORMAL DEPARTURE LAST
                VALUE   (LST)  VALUE       VALUE  FROM      YEAR
                                                  NORMAL
..................................................................
TEMPERATURE (F)
 YESTERDAY
  MAXIMUM         63    343 PM  87    1987  67     -4       55
  MINIMUM         41    617 AM  21    1985  40      1       39
  AVERAGE         52                        54     -2       47

PRECIPITATION (IN)
  YESTERDAY        0.00          0.55 1940   0.02  -0.02      T
  MONTH TO DATE    0.35                      0.41  -0.06     0.31
  SINCE OCT 1      3.27                      5.58  -2.31     2.42
  SINCE JAN 1      1.85                      3.22  -1.37     1.46

SNOWFALL (IN)
  YESTERDAY        0.0           0.3  1955   0.1   -0.1      0.0
  MONTH TO DATE    T                         0.5   -0.5       T
  SINCE MAR 1      T                         2.5   -2.5       T
  SINCE JUL 1      2.7                      21.5  -18.8      6.2
  SNOW DEPTH       0

DEGREE DAYS
 HEATING
  YESTERDAY       13                        12      1       18
  MONTH TO DATE  359                       383    -24      272
  SINCE MAR 1    753                       981   -228      782
  SINCE JUL 1   3618                      4619  -1001     4366

 COOLING
  YESTERDAY        0                         0      0        0
  MONTH TO DATE    0                         0      0        0
  SINCE MAR 1      0                         0      0        0
  SINCE JAN 1      0                         0      0        0
..................................................................


WIND (MPH)
  RESULTANT WIND SPEED   3   RESULTANT WIND DIRECTION  NE (40)
  HIGHEST WIND SPEED    13   HIGHEST WIND DIRECTION     E (80)
  HIGHEST GUST SPEED    18   HIGHEST GUST DIRECTION    NE (40)
  AVERAGE WIND SPEED     5.3



WEATHER CONDITIONS
 THE FOLLOWING WEATHER WAS RECORDED YESTERDAY.
  HAZE


RELATIVE HUMIDITY (PERCENT)
 HIGHEST    62           200 AM
 LOWEST     23           300 PM
 AVERAGE    43

..........................................................


THE RENO TAHOE AIRPORT NV CLIMATE NORMALS FOR TODAY
                         NORMAL    RECORD    YEAR
 MAXIMUM TEMPERATURE (F)   67        84      2013
                                             2004
                                             1987
 MINIMUM TEMPERATURE (F)   40        17      1955


SUNRISE AND SUNSET
APRIL 27 2015.........SUNRISE   605 AM PDT   SUNSET   749 PM PDT
APRIL 28 2015.........SUNRISE   604 AM PDT   SUNSET   750 PM PDT


-  INDICATES NEGATIVE NUMBERS.
R  INDICATES RECORD WAS SET OR TIED.
MM INDICATES DATA IS MISSING.
T  INDICATES TRACE AMOUNT.




$$
