000
CDUS42 KCHS 050520
CLISAV


CLIMATE REPORT
NATIONAL WEATHER SERVICE CHARLESTON SC
120 AM EDT TUE MAY 5 2015


...................................

...THE SAVANNAH GA CLIMATE SUMMARY FOR MAY 4 2015...

CLIMATE NORMAL PERIOD 1981 TO 2010
CLIMATE RECORD PERIOD 1871 TO 2015


WEATHER ITEM   OBSERVED TIME   RECORD YEAR NORMAL DEPARTURE LAST
                VALUE   (LST)  VALUE       VALUE  FROM      YEAR
                                                  NORMAL
..................................................................
TEMPERATURE (F)
 YESTERDAY
  MAXIMUM         81   1252 PM  96    1902  82     -1       87
  MINIMUM         54    551 AM  40    1971  58     -4       55
  AVERAGE         68                        70     -2       71

PRECIPITATION (IN)
  YESTERDAY        0.00          3.35 1994   0.09  -0.09     0.00
  MONTH TO DATE    0.00                      0.33  -0.33     0.18
  SINCE MAR 1      8.54                      7.13   1.41     8.38
  SINCE JAN 1     16.10                     13.61   2.49    12.49

DEGREE DAYS
 HEATING
  YESTERDAY        0                         1     -1        0
  MONTH TO DATE    2                         4     -2        0
  SINCE MAR 1    158                       290   -132      301
  SINCE JUL 1   1693                      1807   -114     1682

 COOLING
  YESTERDAY        3                         6     -3        6
  MONTH TO DATE    6                        22    -16       15
  SINCE MAR 1    243                       148     95      165
  SINCE JAN 1    248                       158     90      183
..................................................................


WIND (MPH)
  HIGHEST WIND SPEED    20   HIGHEST WIND DIRECTION    SE (120)
  HIGHEST GUST SPEED    25   HIGHEST GUST DIRECTION     E (110)
  AVERAGE WIND SPEED     6.1


SKY COVER
  POSSIBLE SUNSHINE  MM
  AVERAGE SKY COVER 0.3


WEATHER CONDITIONS
 THE FOLLOWING WEATHER WAS RECORDED YESTERDAY.
  FOG


RELATIVE HUMIDITY (PERCENT)
 HIGHEST    93           100 AM
 LOWEST     39          1100 AM
 AVERAGE    66

..........................................................


THE SAVANNAH GA CLIMATE NORMALS FOR TODAY
                         NORMAL    RECORD    YEAR
 MAXIMUM TEMPERATURE (F)   82        95      2012
 MINIMUM TEMPERATURE (F)   59        44      1997


SUNRISE AND SUNSET
MAY  5 2015...........SUNRISE   635 AM EDT   SUNSET   808 PM EDT
MAY  6 2015...........SUNRISE   634 AM EDT   SUNSET   809 PM EDT


-  INDICATES NEGATIVE NUMBERS.
R  INDICATES RECORD WAS SET OR TIED.
MM INDICATES DATA IS MISSING.
T  INDICATES TRACE AMOUNT.




$$
