000
CDUS46 KOTX 020843
CLISFF


CLIMATE REPORT
NATIONAL WEATHER SERVICE SPOKANE, WA
141 AM PDT THU APR 2 2015


...................................

...THE SPOKANE WA FELTS AIRPORT CLIMATE SUMMARY FOR APRIL 1 2015...

CLIMATE NORMAL PERIOD 1981 TO 2010
CLIMATE RECORD PERIOD 9999 TO 9999


WEATHER ITEM   OBSERVED TIME   RECORD YEAR NORMAL DEPARTURE LAST
                VALUE   (LST)  VALUE       VALUE  FROM      YEAR
                                                  NORMAL
..................................................................
TEMPERATURE (F)
 YESTERDAY
  MAXIMUM         52   1137 AM  MM      MM  54     -2       59
  MINIMUM         32   1159 PM  MM      MM  35     -3       28
  AVERAGE         42                        44     -2       44

PRECIPITATION (IN)
  YESTERDAY        0.11         MM      MM   0.05   0.06     0.00
  MONTH TO DATE    0.11                      0.05   0.06     0.00
  SINCE OCT 1     10.31                     11.15  -0.84     7.73
  SINCE JAN 1      5.58                      4.95   0.63     5.45

SNOWFALL (IN)
  YESTERDAY       MM

DEGREE DAYS
 HEATING
  YESTERDAY       23                        20      3       21
  MONTH TO DATE   23                        20      3       21
  SINCE MAR 1    596                       770   -174      754
  SINCE JUL 1   4414                      5341   -927     5433

 COOLING
  YESTERDAY        0                         0      0        0
  MONTH TO DATE    0                         0      0        0
  SINCE MAR 1      0                         0      0        0
  SINCE JAN 1      0                         0      0        0
..................................................................


WIND (MPH)
  HIGHEST WIND SPEED    23   HIGHEST WIND DIRECTION    SW (210)
  HIGHEST GUST SPEED    28   HIGHEST GUST DIRECTION    SW (210)
  AVERAGE WIND SPEED     5.7


SKY COVER
  POSSIBLE SUNSHINE  MM
  AVERAGE SKY COVER 0.4


WEATHER CONDITIONS
 THE FOLLOWING WEATHER WAS RECORDED YESTERDAY.
  THUNDERSTORM
  LIGHT RAIN
  FOG
  HAZE


RELATIVE HUMIDITY (PERCENT)
 HIGHEST    96           900 PM
 LOWEST     42          1200 PM
 AVERAGE    69

..........................................................


THE SPOKANE WA FELTS AIRPORT CLIMATE NORMALS FOR TODAY
                         NORMAL    RECORD    YEAR
 MAXIMUM TEMPERATURE (F)   55        MM        MM
 MINIMUM TEMPERATURE (F)   35        MM        MM


SUNRISE AND SUNSET
APRIL  2 2015.........SUNRISE   626 AM PDT   SUNSET   720 PM PDT
APRIL  3 2015.........SUNRISE   624 AM PDT   SUNSET   722 PM PDT


-  INDICATES NEGATIVE NUMBERS.
R  INDICATES RECORD WAS SET OR TIED.
MM INDICATES DATA IS MISSING.
T  INDICATES TRACE AMOUNT.




$$
