000
CDUS44 KSHV 182214
CLISHV


CLIMATE REPORT
NATIONAL WEATHER SERVICE SHREVEPORT, LA
513 PM CDT SAT APR 18 2015


...................................

...THE SHREVEPORT CLIMATE SUMMARY FOR APRIL 18 2015...
VALID TODAY AS OF 0500 PM LOCAL TIME.

CLIMATE NORMAL PERIOD 1981 TO 2010
CLIMATE RECORD PERIOD 1874 TO 2015


WEATHER ITEM   OBSERVED TIME   RECORD YEAR NORMAL DEPARTURE LAST
                VALUE   (LST)  VALUE       VALUE  FROM      YEAR
                                                  NORMAL
..................................................................
TEMPERATURE (F)
 TODAY
  MAXIMUM         75    259 PM  93    2006  77     -2       76
  MINIMUM         67    556 AM  37    1999  54     13       51
  AVERAGE         71                        66      5       64

PRECIPITATION (IN)
  TODAY            0.25          1.49 1882   0.15   0.10     0.07
  MONTH TO DATE    3.99                      2.49   1.50     3.89
  SINCE DEC 1     27.49                     20.35   7.14    16.33
  SINCE JAN 1     23.74                     15.58   8.16    11.35

SNOWFALL (IN)
  TODAY            0.0
  MONTH TO DATE    0.0
  SINCE MAR 1      0.4
  SINCE JUL 1      4.5
  SNOW DEPTH       0

DEGREE DAYS
 HEATING
  TODAY            0                         2     -2        1
  MONTH TO DATE   20                        68    -48      102
  SINCE MAR 1    274                       319    -45      424
  SINCE JUL 1   2274                      2201     73     2535

 COOLING
  TODAY            6                         3      3        0
  MONTH TO DATE   98                        45     53       43
  SINCE MAR 1    124                        76     48       56
  SINCE JAN 1    124                        86     38       62
..................................................................


WIND (MPH)
  HIGHEST WIND SPEED     9   HIGHEST WIND DIRECTION     N (20)
  HIGHEST GUST SPEED    11   HIGHEST GUST DIRECTION     N (20)
  AVERAGE WIND SPEED     2.0


SKY COVER
  POSSIBLE SUNSHINE  MM
  AVERAGE SKY COVER 1.0


WEATHER CONDITIONS
 THE FOLLOWING WEATHER WAS RECORDED TODAY.
  HEAVY RAIN
  RAIN
  LIGHT RAIN
  FOG
  HAZE


RELATIVE HUMIDITY (PERCENT)
 HIGHEST    93           400 AM
 LOWEST     79          1100 AM
 AVERAGE    86

..........................................................


THE SHREVEPORT CLIMATE NORMALS FOR TOMORROW
                         NORMAL    RECORD    YEAR
 MAXIMUM TEMPERATURE (F)   78        93      1987
 MINIMUM TEMPERATURE (F)   55        38      1953


SUNRISE AND SUNSET
APRIL 18 2015.........SUNRISE   643 AM CDT   SUNSET   747 PM CDT
APRIL 19 2015.........SUNRISE   642 AM CDT   SUNSET   748 PM CDT


-  INDICATES NEGATIVE NUMBERS.
R  INDICATES RECORD WAS SET OR TIED.
MM INDICATES DATA IS MISSING.
T  INDICATES TRACE AMOUNT.




$$

20
