000
CDUS46 KMFR 190837
CLISIY


CLIMATE REPORT
NATIONAL WEATHER SERVICE MEDFORD, OR
137 AM PDT SUN APR 19 2015


...................................

...THE MONTAGUE CA CLIMATE SUMMARY FOR APRIL 18 2015...

CLIMATE NORMAL PERIOD 1981 TO 2010
CLIMATE RECORD PERIOD 1948 TO 2015


WEATHER ITEM   OBSERVED TIME   RECORD YEAR NORMAL DEPARTURE LAST
                VALUE   (LST)  VALUE       VALUE  FROM      YEAR
                                                  NORMAL
..................................................................
TEMPERATURE (F)
 YESTERDAY
  MAXIMUM         79    239 PM  82    1994  61     18       69
  MINIMUM         38    610 AM  21    1955  34      4       31
  AVERAGE         59                        48     11       50

PRECIPITATION (IN)
  YESTERDAY        0.00          0.82 1993   0.06  -0.06     0.00
  MONTH TO DATE    0.40                      0.78  -0.38     0.17
  SINCE OCT 1     11.00                     14.13  -3.13     5.56
  SINCE JAN 1      5.09                      7.30  -2.21     4.92

SNOWFALL (IN)
  YESTERDAY       MM                        MM     MM       MM
  MONTH TO DATE   MM                        MM     MM       MM
  SINCE JUL 1     MM                        MM     MM        0.0
  SNOW DEPTH      MM

DEGREE DAYS
 HEATING
  YESTERDAY        6                        18    -12       15
  MONTH TO DATE  347                       355     -8      232
  SINCE MAR 1    855                      1037   -182      794
  SINCE JUL 1   3997                      4914   -917     4842

 COOLING
  YESTERDAY        0                         0      0        0
  MONTH TO DATE    0                         0      0        0
  SINCE MAR 1      0                         0      0        0
  SINCE JAN 1      0                         0      0        0
..................................................................


WIND (MPH)
  HIGHEST WIND SPEED    20   HIGHEST WIND DIRECTION     N (10)
  HIGHEST GUST SPEED    24   HIGHEST GUST DIRECTION     N (340)
  AVERAGE WIND SPEED     6.9


SKY COVER
  POSSIBLE SUNSHINE  MM
  AVERAGE SKY COVER 0.0


WEATHER CONDITIONS
 THE FOLLOWING WEATHER WAS RECORDED YESTERDAY.
  NO SIGNIFICANT WEATHER WAS OBSERVED.


RELATIVE HUMIDITY (PERCENT)
 HIGHEST    79           500 AM
 LOWEST     19           400 PM

..........................................................


THE MONTAGUE CA CLIMATE NORMALS FOR TODAY
                         NORMAL    RECORD    YEAR
 MAXIMUM TEMPERATURE (F)   62        83      2009
 MINIMUM TEMPERATURE (F)   34        20      2008


SUNRISE AND SUNSET
APRIL 19 2015.........SUNRISE   624 AM PDT   SUNSET   755 PM PDT
APRIL 20 2015.........SUNRISE   622 AM PDT   SUNSET   756 PM PDT


-  INDICATES NEGATIVE NUMBERS.
R  INDICATES RECORD WAS SET OR TIED.
MM INDICATES DATA IS MISSING.
T  INDICATES TRACE AMOUNT.




$$
