000
CDUS46 KMTR 260828
CLISJC


CLIMATE REPORT
NATIONAL WEATHER SERVICE SAN FRANCISCO BAY AREA
128 AM PDT SUN APR 26 2015


...................................

...THE SAN JOSE AIRPORT CLIMATE SUMMARY FOR APRIL 25 2015...

CLIMATE NORMAL PERIOD 1981 TO 2010
CLIMATE RECORD PERIOD 1893 TO 2015


WEATHER ITEM   OBSERVED TIME   RECORD YEAR NORMAL DEPARTURE LAST
                VALUE   (LST)  VALUE       VALUE  FROM      YEAR
                                                  NORMAL
..................................................................
TEMPERATURE (F)
 YESTERDAY
  MAXIMUM         64    416 PM  90    2004  72     -8       61
  MINIMUM         52   1050 PM  32    1893  50      2       50
  AVERAGE         58                        61     -3       56

PRECIPITATION (IN)
  YESTERDAY        0.33          0.71 1994   0.03   0.30     0.25
  MONTH TO DATE    0.88                      0.94  -0.06     0.64
  SINCE OCT 1     12.76                     14.07  -1.31     5.66
  SINCE JAN 1      2.81                      9.29  -6.48     4.76

SNOWFALL (IN)
  YESTERDAY        0.0                      MM     MM        0.0
  MONTH TO DATE    0.0                      MM     MM        0.0
  SINCE MAR 1      0.0                      MM     MM        0.0
  SINCE JUL 1      0.0                      MM     MM        0.0

DEGREE DAYS
 HEATING
  YESTERDAY        7                         5      2        9
  MONTH TO DATE  144                       162    -18      116
  SINCE MAR 1    280                       417   -137      286
  SINCE JUL 1   1500                      1880   -380     1827

 COOLING
  YESTERDAY        0                         1     -1        0
  MONTH TO DATE    0                        10    -10       11
  SINCE MAR 1     14                        14      0       15
  SINCE JAN 1     14                        14      0       15
..................................................................


WIND (MPH)
  RESULTANT WIND SPEED   7   RESULTANT WIND DIRECTION  NW (310)
  HIGHEST WIND SPEED    20   HIGHEST WIND DIRECTION    NW (310)
  HIGHEST GUST SPEED    26   HIGHEST GUST DIRECTION    NW (320)
  AVERAGE WIND SPEED     9.6


SKY COVER
  POSSIBLE SUNSHINE  MM
  AVERAGE SKY COVER 0.7


WEATHER CONDITIONS
 THE FOLLOWING WEATHER WAS RECORDED YESTERDAY.
  RAIN
  LIGHT RAIN
  FOG


RELATIVE HUMIDITY (PERCENT)
 HIGHEST   100           400 AM
 LOWEST     48           500 PM
 AVERAGE    74

..........................................................


THE SAN JOSE AIRPORT CLIMATE NORMALS FOR TODAY
                         NORMAL    RECORD    YEAR
 MAXIMUM TEMPERATURE (F)   72        93      2004
 MINIMUM TEMPERATURE (F)   50        38      1943


SUNRISE AND SUNSET
APRIL 26 2015.........SUNRISE   619 AM PDT   SUNSET   753 PM PDT
APRIL 27 2015.........SUNRISE   618 AM PDT   SUNSET   754 PM PDT


-  INDICATES NEGATIVE NUMBERS.
R  INDICATES RECORD WAS SET OR TIED.
MM INDICATES DATA IS MISSING.
T  INDICATES TRACE AMOUNT.




$$
