000
CDCA42 TJSJ 202228
CLISJU


CLIMATE REPORT
NATIONAL WEATHER SERVICE SAN JUAN, PR
628 PM AST MON APR 20 2015


...................................

...THE SAN JUAN AREA/PR CLIMATE SUMMARY FOR APRIL 20 2015...
VALID TODAY AS OF 0600 PM LOCAL TIME.

CLIMATE NORMAL PERIOD 1981 TO 2010
CLIMATE RECORD PERIOD 1898 TO 2015


WEATHER ITEM   OBSERVED TIME   RECORD YEAR NORMAL DEPARTURE LAST
                VALUE   (LST)  VALUE       VALUE  FROM      YEAR
                                                  NORMAL
..................................................................
TEMPERATURE (F)
 TODAY
  MAXIMUM         89   1245 PM  94    2007  86      3       88
                                      1997
  MINIMUM         76    626 AM  67    1968  75      1       76
  AVERAGE         83                        80      3       82

PRECIPITATION (IN)
  TODAY            0.00          3.87 1983   0.17  -0.17     0.05
  MONTH TO DATE    1.38                      2.78  -1.40     3.05
  SINCE MAR 1      2.88                      4.73  -1.85     3.56
  SINCE JAN 1     11.11                     10.88   0.23     9.60

SNOWFALL (IN)
  TODAY            0.0                       0.0    0.0      0.0
  MONTH TO DATE    0.0                       0.0    0.0      0.0
  SINCE MAR 1      0.0                       0.0    0.0      0.0
  SINCE JUL 1      0.0                       0.0    0.0      0.0

DEGREE DAYS
 HEATING
  TODAY            0                         0      0        0
  MONTH TO DATE    0                         0      0        0
  SINCE MAR 1      0                         0      0        0
  SINCE JUL 1      0                         0      0        0

 COOLING
  TODAY           18                        16      2       17
  MONTH TO DATE  305                       301      4      335
  SINCE MAR 1    737                       732      5      813
  SINCE JAN 1   1577                      1483     94     1701
..................................................................


WIND (MPH)
  HIGHEST WIND SPEED    22   HIGHEST WIND DIRECTION    NE (60)
  HIGHEST GUST SPEED    26   HIGHEST GUST DIRECTION     E (70)
  AVERAGE WIND SPEED     9.0


SKY COVER
  AVERAGE SKY COVER 0.3


WEATHER CONDITIONS
 THE FOLLOWING WEATHER WAS RECORDED TODAY.
  NO SIGNIFICANT WEATHER WAS OBSERVED.


RELATIVE HUMIDITY (PERCENT)
 HIGHEST    88
 LOWEST     63
 AVERAGE    76

..........................................................


THE SAN JUAN AREA/PR CLIMATE NORMALS FOR TOMORROW
                         NORMAL    RECORD    YEAR
 MAXIMUM TEMPERATURE (F)   86        93      1983
 MINIMUM TEMPERATURE (F)   75        67      1955


SUNRISE AND SUNSET
APRIL 20 2015.........SUNRISE   604 AM AST   SUNSET   642 PM AST
APRIL 21 2015.........SUNRISE   603 AM AST   SUNSET   643 PM AST


-  INDICATES NEGATIVE NUMBERS.
R  INDICATES RECORD WAS SET OR TIED.
MM INDICATES DATA IS MISSING.
T  INDICATES TRACE AMOUNT.




$$
