000
CDUS46 KPQR 040220
CLISLE


CLIMATE REPORT
NATIONAL WEATHER SERVICE PORTLAND OREGON
720 PM PDT SUN MAY 3 2015


...................................

...THE SALEM OR CLIMATE SUMMARY FOR MAY 3 2015...
VALID TODAY AS OF 0700 PM LOCAL TIME.

CLIMATE NORMAL PERIOD 1981 TO 2010
CLIMATE RECORD PERIOD 1892 TO 2015


WEATHER ITEM   OBSERVED TIME   RECORD YEAR NORMAL DEPARTURE LAST
                VALUE   (LST)  VALUE       VALUE  FROM      YEAR
                                                  NORMAL
..................................................................
TEMPERATURE (F)
 TODAY
  MAXIMUM         75    438 PM  86    1992  65     10       59
  MINIMUM         40    515 AM  32    1964  42     -2       48
                                      1952
                                      1894
  AVERAGE         58                        54      4       54

PRECIPITATION (IN)
  TODAY            0.00          1.26 1948   0.08  -0.08     0.31
  MONTH TO DATE    0.00                      0.22  -0.22     0.31
  SINCE OCT 1     31.42                     33.93  -2.51    24.19
  SINCE JAN 1     13.88                     17.54  -3.66    19.61

DEGREE DAYS
 HEATING
  TODAY            7                        12     -5       11
  MONTH TO DATE   20                        36    -16       15
  SINCE MAR 1    847                      1039   -192      856
  SINCE JUL 1   3317                      4279   -962     4142

 COOLING
  TODAY            0                         0      0        0
  MONTH TO DATE    0                         0      0        4
  SINCE MAR 1      0                         0      0        5
  SINCE JAN 1      0                         0      0        5
..................................................................


WIND (MPH)
  HIGHEST WIND SPEED    12   HIGHEST WIND DIRECTION    NW (310)
  HIGHEST GUST SPEED    16   HIGHEST GUST DIRECTION     N (360)
  AVERAGE WIND SPEED     4.3


SKY COVER
  POSSIBLE SUNSHINE  MM
  AVERAGE SKY COVER 0.0


WEATHER CONDITIONS
 THE FOLLOWING WEATHER WAS RECORDED TODAY.
  NO SIGNIFICANT WEATHER WAS OBSERVED.


RELATIVE HUMIDITY (PERCENT)
 HIGHEST    93           500 AM
 LOWEST     27           300 PM
 AVERAGE    60

..........................................................


THE SALEM OR CLIMATE NORMALS FOR TOMORROW
                         NORMAL    RECORD    YEAR
 MAXIMUM TEMPERATURE (F)   65        86      1990
 MINIMUM TEMPERATURE (F)   42        29      1982
                                             1962
                                             1952


SUNRISE AND SUNSET
MAY  3 2015...........SUNRISE   559 AM PDT   SUNSET   820 PM PDT
MAY  4 2015...........SUNRISE   557 AM PDT   SUNSET   821 PM PDT


-  INDICATES NEGATIVE NUMBERS.
R  INDICATES RECORD WAS SET OR TIED.
MM INDICATES DATA IS MISSING.
T  INDICATES TRACE AMOUNT.




$$
