000
CDUS46 KLOX 262211
CLISMX


CLIMATE REPORT
NATIONAL WEATHER SERVICE LOS ANGELES/OXNARD CA
311 PM PDT SUN APR 26 2015


...................................

...THE SANTA MARIA AIRPORT CA CLIMATE SUMMARY FOR APRIL 26 2015...
VALID AS OF 0300 PM LOCAL TIME.

CLIMATE NORMAL PERIOD 1981 TO 2010
CLIMATE RECORD PERIOD 1906 TO 2015


WEATHER ITEM   OBSERVED TIME   RECORD YEAR NORMAL DEPARTURE LAST
                VALUE   (LST)  VALUE       VALUE  FROM      YEAR
                                                  NORMAL
..................................................................
TEMPERATURE (F)
 TODAY
  MAXIMUM         69   1229 PM 100    2004  68      1       63
  MINIMUM         45    552 AM  33    1984  45      0       46
                                      1975
  AVERAGE         57                        56      1       55

PRECIPITATION (IN)
  TODAY            0.00          1.28 1960   0.02  -0.02     0.00
  MONTH TO DATE    0.67                      0.90  -0.23     0.84
  SINCE OCT 1      7.37                     13.33  -5.96     4.49
  SINCE JAN 1      1.81                      9.28  -7.47     4.00

SNOWFALL (IN)
  TODAY            0.0
  MONTH TO DATE    0.0
  SINCE MAR 1      0.0
  SINCE JUL 1      0.0

DEGREE DAYS
 HEATING
  TODAY            8                         9     -1
  MONTH TO DATE  165                       250    -85
  SINCE MAR 1    298                       590   -292
  SINCE JUL 1    985                      2423  -1438

 COOLING
  TODAY            0                         0      0
  MONTH TO DATE    0                         0      0
  SINCE MAR 1     27                         1     26
  SINCE JAN 1     27                         2     25
..................................................................


WIND (MPH)
  HIGHEST WIND SPEED    26   HIGHEST WIND DIRECTION    NW (310)
  HIGHEST GUST SPEED    32   HIGHEST GUST DIRECTION    NW (310)
  AVERAGE WIND SPEED    11.9


SKY COVER
  POSSIBLE SUNSHINE  MM
  AVERAGE SKY COVER 0.1


WEATHER CONDITIONS
 THE FOLLOWING WEATHER WAS RECORDED TODAY.
  FOG
  HAZE


RELATIVE HUMIDITY (PERCENT)
 HIGHEST    89           600 AM
 LOWEST     37          1100 AM
 AVERAGE    63

..........................................................


THE SANTA MARIA AIRPORT CA CLIMATE NORMALS FOR TOMORROW
                         NORMAL    RECORD    YEAR
 MAXIMUM TEMPERATURE (F)   68       101      2004
 MINIMUM TEMPERATURE (F)   45        31      1984


SUNRISE AND SUNSET
APRIL 26 2015.........SUNRISE   617 AM PDT   SUNSET   743 PM PDT
APRIL 27 2015.........SUNRISE   616 AM PDT   SUNSET   744 PM PDT


-  INDICATES NEGATIVE NUMBERS.
R  INDICATES RECORD WAS SET OR TIED.
MM INDICATES DATA IS MISSING.
T  INDICATES TRACE AMOUNT.




$$
