000
CDUS46 KSGX 191418
CLISNA


CLIMATE REPORT
NATIONAL WEATHER SERVICE SAN DIEGO, CA
717 AM PDT SUN APR 19 2015


...................................

...THE JOHN WAYNE AIRPORT CA CLIMATE SUMMARY FOR APRIL 18 2015...

CLIMATE NORMAL PERIOD 1981 TO 2010
CLIMATE RECORD PERIOD 1999 TO 2015


WEATHER ITEM   OBSERVED TIME   RECORD YEAR NORMAL DEPARTURE LAST
                VALUE   (LST)  VALUE       VALUE  FROM      YEAR
                                                  NORMAL
..................................................................
TEMPERATURE (F)
 YESTERDAY
  MAXIMUM         74    146 PM  85    1999  69      5       71
  MINIMUM         55    440 AM  50    2006  54      1       61
  AVERAGE         65                        62      3       66

PRECIPITATION (IN)
  YESTERDAY        0.00          0.00 2006   0.04  -0.04     0.00
  MONTH TO DATE    0.01                      0.51  -0.50     0.19
  SINCE OCT 1      5.75                     12.35  -6.60     3.39
  SINCE JAN 1      1.95                      8.27  -6.32     2.46

SNOWFALL (IN)
  YESTERDAY        0.0
  MONTH TO DATE    0.0
  SINCE MAR 1      0.0
  SINCE JUL 1      0.0
  SNOW DEPTH       0

DEGREE DAYS
 HEATING
  YESTERDAY        0                         4     -4        0
  MONTH TO DATE   32                        81    -49       36
  SINCE MAR 1     57                       262   -205      105
  SINCE JUL 1    282                      1168   -886      595

 COOLING
  YESTERDAY        0                         0      0        1
  MONTH TO DATE   15                         0     15       31
  SINCE MAR 1    120                         7    113       51
  SINCE JAN 1    192                        15    177       78
..................................................................


WIND (MPH)
  RESULTANT WIND SPEED   4   RESULTANT WIND DIRECTION  SW (220)
  HIGHEST WIND SPEED    16   HIGHEST WIND DIRECTION    SW (210)
  HIGHEST GUST SPEED    20   HIGHEST GUST DIRECTION    SW (220)
  AVERAGE WIND SPEED     5.0


SKY COVER
  POSSIBLE SUNSHINE  MM
  AVERAGE SKY COVER 0.0


WEATHER CONDITIONS
 THE FOLLOWING WEATHER WAS RECORDED YESTERDAY.
  HAZE


RELATIVE HUMIDITY (PERCENT)
 HIGHEST    84           900 PM
 LOWEST     33           900 AM
 AVERAGE    59

..........................................................


THE JOHN WAYNE AIRPORT CA CLIMATE NORMALS FOR TODAY
                         NORMAL    RECORD    YEAR
 MAXIMUM TEMPERATURE (F)   69        94      2009
 MINIMUM TEMPERATURE (F)   54        49      2007


SUNRISE AND SUNSET
APRIL 19 2015.........SUNRISE   616 AM PDT   SUNSET   725 PM PDT
APRIL 20 2015.........SUNRISE   615 AM PDT   SUNSET   726 PM PDT


-  INDICATES NEGATIVE NUMBERS.
R  INDICATES RECORD WAS SET OR TIED.
MM INDICATES DATA IS MISSING.
T  INDICATES TRACE AMOUNT.




$$
