000
CDUS46 KMTR 050838
CLISNS


CLIMATE REPORT
NATIONAL WEATHER SERVICE SAN FRANCISCO BAY AREA
138 AM PDT TUE MAY 5 2015


...................................

...THE SALINAS AIRPORT CLIMATE SUMMARY FOR MAY 4 2015...

CLIMATE NORMAL PERIOD 1981 TO 2010
CLIMATE RECORD PERIOD 1930 TO 2015


WEATHER ITEM   OBSERVED TIME   RECORD YEAR NORMAL DEPARTURE LAST
                VALUE   (LST)  VALUE       VALUE  FROM      YEAR
                                                  NORMAL
..................................................................
TEMPERATURE (F)
 YESTERDAY
  MAXIMUM         63    155 PM  90    1935  68     -5       68
  MINIMUM         54   1127 PM  37    1952  49      5       50
  AVERAGE         59                        58      1       59

PRECIPITATION (IN)
  YESTERDAY        0.00          0.22 2005   0.02  -0.02     0.00
  MONTH TO DATE    0.00                      0.07  -0.07     0.00
  SINCE OCT 1      9.46                     12.26  -2.80     5.78
  SINCE JAN 1      1.47                      8.35  -6.88     4.95

DEGREE DAYS
 HEATING
  YESTERDAY        6                         7     -1        6
  MONTH TO DATE   18                        28    -10       14
  SINCE MAR 1    308                       603   -295      396
  SINCE JUL 1   1157                      2417  -1260     1828

 COOLING
  YESTERDAY        0                         0      0        0
  MONTH TO DATE    0                         0      0        7
  SINCE MAR 1     23                         7     16       21
  SINCE JAN 1     31                         7     24       23
..................................................................


WIND (MPH)
  RESULTANT WIND SPEED   8   RESULTANT WIND DIRECTION   W (260)
  HIGHEST WIND SPEED    17   HIGHEST WIND DIRECTION     W (280)
  HIGHEST GUST SPEED    22   HIGHEST GUST DIRECTION     W (280)
  AVERAGE WIND SPEED     8.4


SKY COVER
  POSSIBLE SUNSHINE  MM
  AVERAGE SKY COVER 1.0


WEATHER CONDITIONS
 THE FOLLOWING WEATHER WAS RECORDED YESTERDAY.
  NO SIGNIFICANT WEATHER WAS OBSERVED.


RELATIVE HUMIDITY (PERCENT)
 HIGHEST    72           300 AM
 LOWEST     52           100 PM
 AVERAGE    62

..........................................................


THE SALINAS AIRPORT CLIMATE NORMALS FOR TODAY
                         NORMAL    RECORD    YEAR
 MAXIMUM TEMPERATURE (F)   68        93      1987
 MINIMUM TEMPERATURE (F)   49        39      1999


SUNRISE AND SUNSET
MAY  5 2015...........SUNRISE   509 AM PST   SUNSET   658 PM PST
MAY  6 2015...........SUNRISE   507 AM PST   SUNSET   659 PM PST


-  INDICATES NEGATIVE NUMBERS.
R  INDICATES RECORD WAS SET OR TIED.
MM INDICATES DATA IS MISSING.
T  INDICATES TRACE AMOUNT.




$$
