000
CDUS45 KPIH 062328
CLISNT


CLIMATE REPORT
NATIONAL WEATHER SERVICE POCATELLO ID
523 PM MDT WED MAY 6 2015


...................................

...THE STANLEY ID CLIMATE SUMMARY FOR MAY 6 2015...
VALID TODAY AS OF 0500 PM LOCAL TIME.

CLIMATE NORMAL PERIOD 1981 TO 2010
CLIMATE RECORD PERIOD 1916 TO 2015


WEATHER ITEM   OBSERVED TIME   RECORD YEAR NORMAL DEPARTURE LAST
                VALUE   (LST)  VALUE       VALUE  FROM      YEAR
                                                  NORMAL
..................................................................
TEMPERATURE (F)
 TODAY
  MAXIMUM         55    108 PM  76    1992  55      0       49
  MINIMUM         21    544 AM   8    1982  26     -5       27
  AVERAGE         38                        40     -2       38

PRECIPITATION (IN)
  TODAY            0.00          0.50 1995   0.05  -0.05     0.00
  MONTH TO DATE    0.00                      0.32  -0.32     0.04
  SINCE OCT 1     12.25                     12.01   0.24    15.43
  SINCE JAN 1      5.54                      7.16  -1.62    11.82

SNOWFALL (IN)
  TODAY           MM
  MONTH TO DATE   MM
  SINCE MAR 1     MM
  SINCE JUL 1     MM
  SNOW DEPTH      MM

DEGREE DAYS
 HEATING
  TODAY           27                        25      2       27
  MONTH TO DATE  127                       155    -28      137
  SINCE MAR 1   1892                      2281   -389     2249
  SINCE JUL 1   8270                      9815  -1545     9417

 COOLING
  TODAY            0                         0      0        0
  MONTH TO DATE    0                         0      0        0
  SINCE MAR 1      0                         0      0        0
  SINCE JAN 1      0                         0      0        0
..................................................................


WIND (MPH)
  HIGHEST WIND SPEED    16   HIGHEST WIND DIRECTION    NE (50)
  HIGHEST GUST SPEED    21   HIGHEST GUST DIRECTION     N (360)
  AVERAGE WIND SPEED     3.4


SKY COVER
  POSSIBLE SUNSHINE  MM
  AVERAGE SKY COVER 0.0


WEATHER CONDITIONS
 THE FOLLOWING WEATHER WAS RECORDED TODAY.
  NO SIGNIFICANT WEATHER WAS OBSERVED.


RELATIVE HUMIDITY (PERCENT)
 HIGHEST    84           600 AM
 LOWEST     22          1100 AM
 AVERAGE    53

..........................................................


THE STANLEY ID CLIMATE NORMALS FOR TOMORROW
                         NORMAL    RECORD    YEAR
 MAXIMUM TEMPERATURE (F)   55        77      1992
 MINIMUM TEMPERATURE (F)   26        13      2010
                                             1984


SUNRISE AND SUNSET
MAY  6 2015...........SUNRISE   624 AM MDT   SUNSET   849 PM MDT
MAY  7 2015...........SUNRISE   623 AM MDT   SUNSET   850 PM MDT


-  INDICATES NEGATIVE NUMBERS.
R  INDICATES RECORD WAS SET OR TIED.
MM INDICATES DATA IS MISSING.
T  INDICATES TRACE AMOUNT.




$$
