000
CDUS42 KJAX 040532
CLISSI


CLIMATE REPORT
NATIONAL WEATHER SERVICE JACKSONVILLE FL
131 AM EDT MON MAY 4 2015


...................................

...THE ST SIMONS ISLAND CLIMATE SUMMARY FOR MAY 3 2015...

CLIMATE NORMAL PERIOD 1981 TO 2010
CLIMATE RECORD PERIOD 1948 TO 2015


WEATHER ITEM   OBSERVED TIME   RECORD YEAR NORMAL DEPARTURE LAST
                VALUE   (LST)  VALUE       VALUE  FROM      YEAR
                                                  NORMAL
..................................................................
TEMPERATURE (F)
 YESTERDAY
  MAXIMUM         79    208 PM  95    2002  79      0       73
  MINIMUM         56    603 AM  52    1995  63     -7       61
  AVERAGE         68                        71     -3       67

PRECIPITATION (IN)
  YESTERDAY        0.00          1.09 1975   0.05  -0.05     0.02
  MONTH TO DATE    0.00                      0.15  -0.15     0.10
  SINCE MAR 1      5.80                      6.52  -0.72    10.56
  SINCE JAN 1     11.52                     13.21  -1.69    17.04

SNOWFALL (IN)
  YESTERDAY        0.0           0.0    MM                   0.0
  MONTH TO DATE    0.0                                       0.0
  SINCE MAR 1      0.0                                       0.0
  SINCE JUL 1      0.0                                        T
  SNOW DEPTH       0

DEGREE DAYS
 HEATING
  YESTERDAY        0                         0      0        0
  MONTH TO DATE    1                         2     -1        0
  SINCE MAR 1    115                       235   -120      265
  SINCE JUL 1   1495                      1486      9     1493

 COOLING
  YESTERDAY        3                         7     -4        2
  MONTH TO DATE    4                        19    -15       12
  SINCE MAR 1    209                       153     56      142
  SINCE JAN 1    215                       162     53      150
..................................................................


WIND (MPH)
  HIGHEST WIND SPEED    10   HIGHEST WIND DIRECTION     S (160)
  HIGHEST GUST SPEED    23   HIGHEST GUST DIRECTION    SE (150)
  AVERAGE WIND SPEED     3.5


SKY COVER
  POSSIBLE SUNSHINE  MM
  AVERAGE SKY COVER 0.1


WEATHER CONDITIONS
 THE FOLLOWING WEATHER WAS RECORDED YESTERDAY.
  NO SIGNIFICANT WEATHER WAS OBSERVED.


RELATIVE HUMIDITY (PERCENT)
 HIGHEST   100           600 AM
 LOWEST     31           400 PM
 AVERAGE    66

..........................................................


THE ST SIMONS ISLAND CLIMATE NORMALS FOR TODAY
                         NORMAL    RECORD    YEAR
 MAXIMUM TEMPERATURE (F)   79        92      1959
 MINIMUM TEMPERATURE (F)   63        47      1971


SUNRISE AND SUNSET
MAY  4 2015...........SUNRISE   639 AM EDT   SUNSET   807 PM EDT
MAY  5 2015...........SUNRISE   638 AM EDT   SUNSET   807 PM EDT


-  INDICATES NEGATIVE NUMBERS.
R  INDICATES RECORD WAS SET OR TIED.
MM INDICATES DATA IS MISSING.
T  INDICATES TRACE AMOUNT.




$$
