000
CDUS42 KJAX 012128
CLISSI


CLIMATE REPORT
NATIONAL WEATHER SERVICE JACKSONVILLE FL
528 PM EDT WED APR 1 2015


...................................

...THE ST SIMONS ISLAND CLIMATE SUMMARY FOR APRIL 1 2015...
VALID TODAY AS OF 0500 PM LOCAL TIME.

CLIMATE NORMAL PERIOD 1981 TO 2010
CLIMATE RECORD PERIOD 1948 TO 2015


WEATHER ITEM   OBSERVED TIME   RECORD YEAR NORMAL DEPARTURE LAST
                VALUE   (LST)  VALUE       VALUE  FROM      YEAR
                                                  NORMAL
..................................................................
TEMPERATURE (F)
 TODAY
  MAXIMUM         81   1255 PM  86    1968  72      9       78
  MINIMUM         60    133 AM  37    1987  55      5       51
  AVERAGE         71                        63      8       65

PRECIPITATION (IN)
  TODAY            0.00          1.52 1957   0.11  -0.11     0.00
  MONTH TO DATE    0.00                      0.11  -0.11     0.00
  SINCE MAR 1      2.37                      3.99  -1.62     2.54
  SINCE JAN 1      8.09                     10.68  -2.59     9.02

SNOWFALL (IN)
  TODAY            0.0           0.0    MM                   0.0
  MONTH TO DATE    0.0                                       0.0
  SINCE MAR 1      0.0                                       0.0
  SINCE JUL 1      0.0                                        T

DEGREE DAYS
 HEATING
  TODAY            0                         3     -3        0
  MONTH TO DATE    0                         3     -3        0
  SINCE MAR 1    114                       180    -66      228
  SINCE JUL 1   1494                      1431     63     1456

 COOLING
  TODAY            6                         2      4        0
  MONTH TO DATE    6                         2      4        0
  SINCE MAR 1     36                        33      3       14
  SINCE JAN 1     42                        42      0       22
..................................................................


WIND (MPH)
  HIGHEST WIND SPEED    20   HIGHEST WIND DIRECTION     E (80)
  HIGHEST GUST SPEED    31   HIGHEST GUST DIRECTION    SE (120)
  AVERAGE WIND SPEED     9.0


SKY COVER
  POSSIBLE SUNSHINE  MM
  AVERAGE SKY COVER 0.2


WEATHER CONDITIONS
 THE FOLLOWING WEATHER WAS RECORDED TODAY.
  THUNDERSTORM


RELATIVE HUMIDITY (PERCENT)
 HIGHEST    93           600 AM
 LOWEST     51           100 PM
 AVERAGE    72

..........................................................


THE ST SIMONS ISLAND CLIMATE NORMALS FOR TOMORROW
                         NORMAL    RECORD    YEAR
 MAXIMUM TEMPERATURE (F)   72        89      2012
 MINIMUM TEMPERATURE (F)   55        43      2001


SUNRISE AND SUNSET
APRIL  1 2015.........SUNRISE   715 AM EDT   SUNSET   745 PM EDT
APRIL  2 2015.........SUNRISE   713 AM EDT   SUNSET   745 PM EDT


-  INDICATES NEGATIVE NUMBERS.
R  INDICATES RECORD WAS SET OR TIED.
MM INDICATES DATA IS MISSING.
T  INDICATES TRACE AMOUNT.




$$
