000
CDUS43 KEAX 281232
CLISTJ


CLIMATE REPORT
NATIONAL WEATHER SERVICE KANSAS CITY/PLEASANT HILL MO
732 AM CDT TUE APR 28 2015


...................................

...THE ST. JOSEPH MO CLIMATE SUMMARY FOR APRIL 28 2015...
VALID AS OF 0700 AM LOCAL TIME.

CLIMATE NORMAL PERIOD 1981 TO 2010
CLIMATE RECORD PERIOD 1892 TO 2015


WEATHER ITEM   OBSERVED TIME   RECORD YEAR NORMAL DEPARTURE LAST
                VALUE   (LST)  VALUE       VALUE  FROM      YEAR
                                                  NORMAL
..................................................................
TEMPERATURE (F)
 TODAY
  MAXIMUM         46    111 AM  96    1970  69    -23       63
  MINIMUM         38    502 AM  28    1965  47     -9       49
  AVERAGE         42                        58    -16       56

PRECIPITATION (IN)
  TODAY            0.00          1.24 1956   0.18  -0.18     0.00
  MONTH TO DATE    2.85                      3.42  -0.57     3.81
  SINCE MAR 1      4.18                      5.67  -1.49     4.22
  SINCE JAN 1      5.93                      7.16  -1.23     5.04

DEGREE DAYS
 HEATING
  TODAY           23                         8     15        9
  MONTH TO DATE  274                       330    -56      347
  SINCE MAR 1    881                      1015   -134     1173
  SINCE JUL 1   5405                      5323     82     6113

 COOLING
  TODAY            0                         1     -1        0
  MONTH TO DATE    4                        21    -17        8
  SINCE MAR 1      5                        23    -18        8
  SINCE JAN 1      5                        23    -18        8
..................................................................


WIND (MPH)
  HIGHEST WIND SPEED     9   HIGHEST WIND DIRECTION     N (20)
  HIGHEST GUST SPEED     9   HIGHEST GUST DIRECTION     N (20)
  AVERAGE WIND SPEED     3.1


SKY COVER
  AVERAGE SKY COVER 0.0


WEATHER CONDITIONS
 THE FOLLOWING WEATHER WAS RECORDED TODAY.
  NO SIGNIFICANT WEATHER WAS OBSERVED.


RELATIVE HUMIDITY (PERCENT)
 HIGHEST    92           500 AM
 LOWEST     76          1200 AM
 AVERAGE    84

..........................................................


THE ST. JOSEPH MO CLIMATE NORMALS FOR TOMORROW
                         NORMAL    RECORD    YEAR
 MAXIMUM TEMPERATURE (F)   70        94      1987
 MINIMUM TEMPERATURE (F)   47        31      1958


SUNRISE AND SUNSET
APRIL 28 2015.........SUNRISE   624 AM CDT   SUNSET   811 PM CDT
APRIL 29 2015.........SUNRISE   623 AM CDT   SUNSET   812 PM CDT


-  INDICATES NEGATIVE NUMBERS.
R  INDICATES RECORD WAS SET OR TIED.
MM INDICATES DATA IS MISSING.
T  INDICATES TRACE AMOUNT.




$$
